Last updated on 2022-05-15 01:52:30 CEST.
Flavor | Version | Tinstall | Tcheck | Ttotal | Status | Flags |
---|---|---|---|---|---|---|
r-devel-linux-x86_64-debian-clang | 4.23.1-2 | 146.46 | 205.04 | 351.50 | NOTE | |
r-devel-linux-x86_64-debian-gcc | 4.23.1-2 | 132.65 | 149.27 | 281.92 | NOTE | |
r-devel-linux-x86_64-fedora-clang | 4.23.1-2 | 478.81 | NOTE | |||
r-devel-linux-x86_64-fedora-gcc | 4.23.1-2 | 446.79 | NOTE | |||
r-devel-windows-x86_64 | 4.23.1-2 | 166.00 | 273.00 | 439.00 | NOTE | |
r-patched-linux-x86_64 | 4.23.1-2 | 137.67 | 189.80 | 327.47 | NOTE | |
r-release-linux-x86_64 | 4.23.1-2 | 134.54 | 188.54 | 323.08 | NOTE | |
r-release-macos-arm64 | 4.23.1-2 | 87.00 | NOTE | |||
r-release-macos-x86_64 | 4.23.1-2 | 137.00 | NOTE | |||
r-release-windows-x86_64 | 4.23.1-2 | 175.00 | 275.00 | 450.00 | NOTE | |
r-oldrel-macos-arm64 | 4.23.1-2 | 97.00 | NOTE | |||
r-oldrel-macos-x86_64 | 4.23.1-2 | 136.00 | NOTE | |||
r-oldrel-windows-ix86+x86_64 | 4.23.1-2 | 348.00 | 331.00 | 679.00 | NOTE |
Version: 4.23.1-2
Check: for GNU extensions in Makefiles
Result: NOTE
GNU make is a SystemRequirements.
Flavors: r-devel-linux-x86_64-debian-clang, r-devel-linux-x86_64-debian-gcc, r-devel-linux-x86_64-fedora-clang, r-devel-linux-x86_64-fedora-gcc, r-devel-windows-x86_64, r-patched-linux-x86_64, r-release-linux-x86_64, r-release-macos-arm64, r-release-macos-x86_64, r-release-windows-x86_64, r-oldrel-macos-arm64, r-oldrel-macos-x86_64, r-oldrel-windows-ix86+x86_64
Version: 4.23.1-2
Check: installed package size
Result: NOTE
installed size is 23.8Mb
sub-directories of 1Mb or more:
doc 7.8Mb
libs 15.0Mb
Flavors: r-devel-linux-x86_64-fedora-clang, r-devel-windows-x86_64, r-release-macos-arm64, r-release-macos-x86_64, r-release-windows-x86_64, r-oldrel-macos-arm64, r-oldrel-macos-x86_64, r-oldrel-windows-ix86+x86_64