CRAN Package Check Results for Package rSEA

Last updated on 2022-05-15 01:52:29 CEST.

Flavor Version Tinstall Tcheck Ttotal Status Flags
r-devel-linux-x86_64-debian-clang 2.1.1 5.75 74.10 79.85 NOTE
r-devel-linux-x86_64-debian-gcc 2.1.1 5.22 55.01 60.23 NOTE
r-devel-linux-x86_64-fedora-clang 2.1.1 94.87 NOTE
r-devel-linux-x86_64-fedora-gcc 2.1.1 92.56 NOTE
r-devel-windows-x86_64 2.1.1 12.00 98.00 110.00 NOTE
r-patched-linux-x86_64 2.1.1 5.07 67.79 72.86 NOTE
r-release-linux-x86_64 2.1.1 5.61 68.34 73.95 NOTE
r-release-macos-arm64 2.1.1 29.00 NOTE
r-release-macos-x86_64 2.1.1 53.00 NOTE
r-release-windows-x86_64 2.1.1 12.00 99.00 111.00 NOTE
r-oldrel-macos-arm64 2.1.1 30.00 NOTE
r-oldrel-macos-x86_64 2.1.1 46.00 NOTE
r-oldrel-windows-ix86+x86_64 2.1.1 16.00 94.00 110.00 NOTE

Check Details

Version: 2.1.1
Check: LazyData
Result: NOTE
     'LazyData' is specified without a 'data' directory
Flavors: r-devel-linux-x86_64-debian-clang, r-devel-linux-x86_64-debian-gcc, r-devel-linux-x86_64-fedora-clang, r-devel-linux-x86_64-fedora-gcc, r-devel-windows-x86_64, r-patched-linux-x86_64, r-release-linux-x86_64, r-release-macos-arm64, r-release-macos-x86_64, r-release-windows-x86_64, r-oldrel-macos-arm64, r-oldrel-macos-x86_64, r-oldrel-windows-ix86+x86_64