Last updated on 2022-05-15 01:52:28 CEST.
Flavor | Version | Tinstall | Tcheck | Ttotal | Status | Flags |
---|---|---|---|---|---|---|
r-devel-linux-x86_64-debian-clang | 0.1.2 | 2.18 | 31.21 | 33.39 | NOTE | |
r-devel-linux-x86_64-debian-gcc | 0.1.2 | 2.39 | 24.68 | 27.07 | NOTE | |
r-devel-linux-x86_64-fedora-clang | 0.1.2 | 42.48 | NOTE | |||
r-devel-linux-x86_64-fedora-gcc | 0.1.2 | 40.97 | NOTE | |||
r-devel-windows-x86_64 | 0.1.2 | 14.00 | 48.00 | 62.00 | NOTE | |
r-patched-linux-x86_64 | 0.1.2 | 4.28 | 30.55 | 34.83 | NOTE | |
r-release-linux-x86_64 | 0.1.2 | 1.96 | 30.40 | 32.36 | NOTE | |
r-release-macos-arm64 | 0.1.2 | 18.00 | NOTE | |||
r-release-macos-x86_64 | 0.1.2 | 22.00 | NOTE | |||
r-release-windows-x86_64 | 0.1.2 | 14.00 | 49.00 | 63.00 | NOTE | |
r-oldrel-macos-arm64 | 0.1.2 | 20.00 | NOTE | |||
r-oldrel-macos-x86_64 | 0.1.2 | 28.00 | NOTE | |||
r-oldrel-windows-ix86+x86_64 | 0.1.2 | 6.00 | 43.00 | 49.00 | NOTE |
Version: 0.1.2
Check: LazyData
Result: NOTE
'LazyData' is specified without a 'data' directory
Flavors: r-devel-linux-x86_64-debian-clang, r-devel-linux-x86_64-debian-gcc, r-devel-linux-x86_64-fedora-clang, r-devel-linux-x86_64-fedora-gcc, r-devel-windows-x86_64, r-patched-linux-x86_64, r-release-linux-x86_64, r-release-macos-arm64, r-release-macos-x86_64, r-release-windows-x86_64, r-oldrel-macos-arm64, r-oldrel-macos-x86_64, r-oldrel-windows-ix86+x86_64