Last updated on 2022-05-15 01:52:27 CEST.
Flavor | Version | Tinstall | Tcheck | Ttotal | Status | Flags |
---|---|---|---|---|---|---|
r-devel-linux-x86_64-debian-clang | 0.1 | 4.89 | 67.19 | 72.08 | NOTE | |
r-devel-linux-x86_64-debian-gcc | 0.1 | 5.83 | 72.19 | 78.02 | NOTE | |
r-devel-linux-x86_64-fedora-clang | 0.1 | 114.13 | NOTE | |||
r-devel-linux-x86_64-fedora-gcc | 0.1 | 110.75 | NOTE | |||
r-devel-windows-x86_64 | 0.1 | 27.00 | 120.00 | 147.00 | NOTE | |
r-patched-linux-x86_64 | 0.1 | 4.93 | 84.65 | 89.58 | NOTE | |
r-release-linux-x86_64 | 0.1 | 5.57 | 85.81 | 91.38 | NOTE | |
r-release-macos-arm64 | 0.1 | 32.00 | NOTE | |||
r-release-macos-x86_64 | 0.1 | 45.00 | NOTE | |||
r-release-windows-x86_64 | 0.1 | 27.00 | 121.00 | 148.00 | NOTE | |
r-oldrel-macos-arm64 | 0.1 | 38.00 | NOTE | |||
r-oldrel-macos-x86_64 | 0.1 | 55.00 | NOTE | |||
r-oldrel-windows-ix86+x86_64 | 0.1 | 13.00 | 86.00 | 99.00 | NOTE |
Version: 0.1
Check: LazyData
Result: NOTE
'LazyData' is specified without a 'data' directory
Flavors: r-devel-linux-x86_64-debian-clang, r-devel-linux-x86_64-debian-gcc, r-devel-linux-x86_64-fedora-clang, r-devel-linux-x86_64-fedora-gcc, r-devel-windows-x86_64, r-patched-linux-x86_64, r-release-linux-x86_64, r-release-macos-arm64, r-release-macos-x86_64, r-release-windows-x86_64, r-oldrel-macos-arm64, r-oldrel-macos-x86_64, r-oldrel-windows-ix86+x86_64
Version: 0.1
Check: installed package size
Result: NOTE
installed size is 5.0Mb
Flavor: r-devel-linux-x86_64-fedora-clang
Version: 0.1
Check: dependencies in R code
Result: NOTE
Namespace in Imports field not imported from: ‘utils’
All declared Imports should be used.
Flavors: r-devel-linux-x86_64-fedora-clang, r-devel-linux-x86_64-fedora-gcc, r-release-macos-arm64, r-release-macos-x86_64, r-oldrel-macos-arm64, r-oldrel-macos-x86_64