Last updated on 2022-05-15 01:52:27 CEST.
Flavor | Version | Tinstall | Tcheck | Ttotal | Status | Flags |
---|---|---|---|---|---|---|
r-devel-linux-x86_64-debian-clang | 0.1.6 | 41.62 | 401.42 | 443.04 | NOTE | |
r-devel-linux-x86_64-debian-gcc | 0.1.6 | 28.66 | 298.20 | 326.86 | NOTE | |
r-devel-linux-x86_64-fedora-clang | 0.1.6 | 517.86 | NOTE | |||
r-devel-linux-x86_64-fedora-gcc | 0.1.6 | 502.06 | NOTE | |||
r-devel-windows-x86_64 | 0.1.6 | 82.00 | 386.00 | 468.00 | NOTE | |
r-patched-linux-x86_64 | 0.1.6 | 48.63 | 378.65 | 427.28 | NOTE | |
r-release-linux-x86_64 | 0.1.6 | 31.59 | 380.19 | 411.78 | NOTE | |
r-release-macos-arm64 | 0.1.6 | 118.00 | NOTE | |||
r-release-macos-x86_64 | 0.1.6 | 216.00 | NOTE | |||
r-release-windows-x86_64 | 0.1.6 | 103.00 | 396.00 | 499.00 | NOTE | |
r-oldrel-macos-arm64 | 0.1.6 | 99.00 | NOTE | |||
r-oldrel-macos-x86_64 | 0.1.6 | 123.00 | NOTE | |||
r-oldrel-windows-ix86+x86_64 | 0.1.6 | 88.00 | 385.00 | 473.00 | NOTE |
Version: 0.1.6
Check: package dependencies
Result: NOTE
Package suggested but not available for checking: 'fastshp'
Flavors: r-devel-linux-x86_64-debian-clang, r-devel-linux-x86_64-debian-gcc, r-devel-linux-x86_64-fedora-clang, r-devel-linux-x86_64-fedora-gcc, r-devel-windows-x86_64, r-patched-linux-x86_64, r-release-linux-x86_64, r-release-macos-arm64, r-release-macos-x86_64, r-release-windows-x86_64, r-oldrel-macos-arm64, r-oldrel-macos-x86_64, r-oldrel-windows-ix86+x86_64