Last updated on 2022-05-15 01:52:27 CEST.
Flavor | Version | Tinstall | Tcheck | Ttotal | Status | Flags |
---|---|---|---|---|---|---|
r-devel-linux-x86_64-debian-clang | 0.95 | 101.90 | 176.34 | 278.24 | OK | |
r-devel-linux-x86_64-debian-gcc | 0.95 | 84.48 | 130.97 | 215.45 | OK | |
r-devel-linux-x86_64-fedora-clang | 0.95 | 372.78 | OK | |||
r-devel-linux-x86_64-fedora-gcc | 0.95 | 357.40 | OK | |||
r-devel-windows-x86_64 | 0.95 | 234.00 | 205.00 | 439.00 | OK | |
r-patched-linux-x86_64 | 0.95 | 91.46 | 168.93 | 260.39 | OK | |
r-release-linux-x86_64 | 0.95 | 91.43 | 165.53 | 256.96 | OK | |
r-release-macos-arm64 | 0.95 | 90.00 | OK | |||
r-release-macos-x86_64 | 0.95 | 111.00 | OK | |||
r-release-windows-x86_64 | 0.95 | 252.00 | 216.00 | 468.00 | OK | |
r-oldrel-macos-arm64 | 0.95 | 105.00 | NOTE | |||
r-oldrel-macos-x86_64 | 0.95 | 109.00 | OK | |||
r-oldrel-windows-ix86+x86_64 | 0.95 | 240.00 | 320.00 | 560.00 | OK |
Version: 0.95
Check: installed package size
Result: NOTE
installed size is 5.6Mb
sub-directories of 1Mb or more:
libs 5.1Mb
Flavor: r-oldrel-macos-arm64