Last updated on 2022-05-15 01:52:27 CEST.
Flavor | Version | Tinstall | Tcheck | Ttotal | Status | Flags |
---|---|---|---|---|---|---|
r-devel-linux-x86_64-debian-clang | 0.2.3 | 84.24 | 169.46 | 253.70 | OK | |
r-devel-linux-x86_64-debian-gcc | 0.2.3 | 75.30 | 123.50 | 198.80 | OK | |
r-devel-linux-x86_64-fedora-clang | 0.2.3 | 357.96 | NOTE | |||
r-devel-linux-x86_64-fedora-gcc | 0.2.3 | 334.50 | OK | |||
r-devel-windows-x86_64 | 0.2.3 | 84.00 | 191.00 | 275.00 | OK | |
r-patched-linux-x86_64 | 0.2.3 | 81.47 | 157.97 | 239.44 | OK | |
r-release-linux-x86_64 | 0.2.3 | 78.68 | 157.17 | 235.85 | OK | |
r-release-macos-arm64 | 0.2.3 | 79.00 | NOTE | |||
r-release-macos-x86_64 | 0.2.3 | 130.00 | NOTE | |||
r-release-windows-x86_64 | 0.2.3 | 79.00 | 198.00 | 277.00 | OK | |
r-oldrel-macos-arm64 | 0.2.3 | 83.00 | NOTE | |||
r-oldrel-macos-x86_64 | 0.2.3 | 101.00 | NOTE | |||
r-oldrel-windows-ix86+x86_64 | 0.2.3 | 181.00 | 234.00 | 415.00 | OK |
Version: 0.2.3
Check: installed package size
Result: NOTE
installed size is 5.2Mb
sub-directories of 1Mb or more:
libs 4.3Mb
Flavors: r-devel-linux-x86_64-fedora-clang, r-release-macos-arm64, r-release-macos-x86_64, r-oldrel-macos-arm64, r-oldrel-macos-x86_64