Last updated on 2022-05-15 01:52:27 CEST.
Flavor | Version | Tinstall | Tcheck | Ttotal | Status | Flags |
---|---|---|---|---|---|---|
r-devel-linux-x86_64-debian-clang | 0.28 | 829.37 | 246.95 | 1076.32 | OK | |
r-devel-linux-x86_64-debian-gcc | 0.28 | 643.44 | 184.82 | 828.26 | OK | |
r-devel-linux-x86_64-fedora-clang | 0.28 | 1697.86 | NOTE | |||
r-devel-linux-x86_64-fedora-gcc | 0.28 | 1375.32 | OK | |||
r-devel-windows-x86_64 | 0.28 | 650.00 | 328.00 | 978.00 | NOTE | |
r-patched-linux-x86_64 | 0.28 | 701.35 | 236.77 | 938.12 | OK | |
r-release-linux-x86_64 | 0.28 | 706.16 | 239.24 | 945.40 | OK | |
r-release-macos-arm64 | 0.28 | 352.00 | NOTE | |||
r-release-macos-x86_64 | 0.28 | 388.00 | NOTE | |||
r-release-windows-x86_64 | 0.28 | 647.00 | 332.00 | 979.00 | NOTE | |
r-oldrel-macos-arm64 | 0.28 | 328.00 | NOTE | |||
r-oldrel-macos-x86_64 | 0.28 | 380.00 | NOTE | |||
r-oldrel-windows-ix86+x86_64 | 0.28 | 1965.00 | 487.00 | 2452.00 | NOTE |
Version: 0.28
Check: installed package size
Result: NOTE
installed size is 38.3Mb
sub-directories of 1Mb or more:
extdata 3.3Mb
libs 33.7Mb
Flavors: r-devel-linux-x86_64-fedora-clang, r-devel-windows-x86_64, r-release-macos-arm64, r-release-macos-x86_64, r-release-windows-x86_64, r-oldrel-macos-arm64, r-oldrel-macos-x86_64, r-oldrel-windows-ix86+x86_64