CRAN Package Check Results for Package qbld

Last updated on 2022-05-15 01:52:27 CEST.

Flavor Version Tinstall Tcheck Ttotal Status Flags
r-devel-linux-x86_64-debian-clang 1.0.3 191.47 64.94 256.41 OK
r-devel-linux-x86_64-debian-gcc 1.0.3 142.67 48.12 190.79 OK
r-devel-linux-x86_64-fedora-clang 1.0.3 378.12 NOTE
r-devel-linux-x86_64-fedora-gcc 1.0.3 326.32 OK
r-devel-windows-x86_64 1.0.3 145.00 106.00 251.00 OK
r-patched-linux-x86_64 1.0.3 155.33 60.92 216.25 OK
r-release-linux-x86_64 1.0.3 151.08 60.39 211.47 OK
r-release-macos-arm64 1.0.3 79.00 NOTE
r-release-macos-x86_64 1.0.3 129.00 NOTE
r-release-windows-x86_64 1.0.3 161.00 111.00 272.00 OK
r-oldrel-macos-arm64 1.0.3 77.00 NOTE
r-oldrel-macos-x86_64 1.0.3 103.00 NOTE
r-oldrel-windows-ix86+x86_64 1.0.3 458.00 114.00 572.00 OK

Check Details

Version: 1.0.3
Check: installed package size
Result: NOTE
     installed size is 5.1Mb
     sub-directories of 1Mb or more:
     libs 4.6Mb
Flavors: r-devel-linux-x86_64-fedora-clang, r-release-macos-arm64, r-release-macos-x86_64, r-oldrel-macos-arm64, r-oldrel-macos-x86_64