CRAN Package Check Results for Package puzzle

Last updated on 2022-05-15 01:52:27 CEST.

Flavor Version Tinstall Tcheck Ttotal Status Flags
r-devel-linux-x86_64-debian-clang 0.0.1 2.68 40.33 43.01 OK
r-devel-linux-x86_64-debian-gcc 0.0.1 3.06 30.78 33.84 OK
r-devel-linux-x86_64-fedora-clang 0.0.1 54.52 NOTE
r-devel-linux-x86_64-fedora-gcc 0.0.1 51.99 NOTE
r-devel-windows-x86_64 0.0.1 21.00 55.00 76.00 OK
r-patched-linux-x86_64 0.0.1 3.28 38.79 42.07 OK
r-release-linux-x86_64 0.0.1 2.62 39.17 41.79 OK
r-release-macos-arm64 0.0.1 17.00 NOTE
r-release-macos-x86_64 0.0.1 31.00 NOTE
r-release-windows-x86_64 0.0.1 17.00 59.00 76.00 OK
r-oldrel-macos-arm64 0.0.1 22.00 NOTE
r-oldrel-macos-x86_64 0.0.1 28.00 NOTE
r-oldrel-windows-ix86+x86_64 0.0.1 10.00 52.00 62.00 OK

Check Details

Version: 0.0.1
Check: dependencies in R code
Result: NOTE
    Namespaces in Imports field not imported from:
     ‘kableExtra’ ‘readr’ ‘tidyverse’
     All declared Imports should be used.
Flavors: r-devel-linux-x86_64-fedora-clang, r-devel-linux-x86_64-fedora-gcc, r-release-macos-arm64, r-release-macos-x86_64, r-oldrel-macos-arm64, r-oldrel-macos-x86_64