CRAN Package Check Results for Package pureseqtmr

Last updated on 2022-05-15 01:52:27 CEST.

Flavor Version Tinstall Tcheck Ttotal Status Flags
r-devel-linux-x86_64-debian-clang 1.2 2.41 47.29 49.70 NOTE
r-devel-linux-x86_64-debian-gcc 1.2 2.15 36.84 38.99 NOTE
r-devel-linux-x86_64-fedora-clang 1.2 61.67 NOTE
r-devel-linux-x86_64-fedora-gcc 1.2 59.72 NOTE
r-devel-windows-x86_64 1.2 53.00 84.00 137.00 NOTE
r-patched-linux-x86_64 1.2 2.38 46.73 49.11 NOTE
r-release-linux-x86_64 1.2 2.36 45.65 48.01 NOTE
r-release-macos-arm64 1.2 23.00 NOTE
r-release-macos-x86_64 1.2 43.00 NOTE
r-release-windows-x86_64 1.2 40.00 90.00 130.00 NOTE
r-oldrel-macos-arm64 1.2 27.00 NOTE
r-oldrel-macos-x86_64 1.2 29.00 NOTE
r-oldrel-windows-ix86+x86_64 1.2 7.00 52.00 59.00 NOTE

Check Details

Version: 1.2
Check: LazyData
Result: NOTE
     'LazyData' is specified without a 'data' directory
Flavors: r-devel-linux-x86_64-debian-clang, r-devel-linux-x86_64-debian-gcc, r-devel-linux-x86_64-fedora-clang, r-devel-linux-x86_64-fedora-gcc, r-devel-windows-x86_64, r-patched-linux-x86_64, r-release-linux-x86_64, r-release-macos-arm64, r-release-macos-x86_64, r-release-windows-x86_64, r-oldrel-macos-arm64, r-oldrel-macos-x86_64, r-oldrel-windows-ix86+x86_64