Last updated on 2022-05-15 01:52:27 CEST.
Flavor | Version | Tinstall | Tcheck | Ttotal | Status | Flags |
---|---|---|---|---|---|---|
r-devel-linux-x86_64-debian-clang | 0.0.3 | 3.34 | 43.70 | 47.04 | NOTE | |
r-devel-linux-x86_64-debian-gcc | 0.0.3 | 2.73 | 32.54 | 35.27 | NOTE | |
r-devel-linux-x86_64-fedora-clang | 0.0.3 | 58.03 | NOTE | |||
r-devel-linux-x86_64-fedora-gcc | 0.0.3 | 57.35 | NOTE | |||
r-devel-windows-x86_64 | 0.0.3 | 16.00 | 61.00 | 77.00 | NOTE | |
r-patched-linux-x86_64 | 0.0.3 | 3.20 | 41.60 | 44.80 | NOTE | |
r-release-linux-x86_64 | 0.0.3 | 2.54 | 40.91 | 43.45 | NOTE | |
r-release-macos-arm64 | 0.0.3 | 17.00 | NOTE | |||
r-release-macos-x86_64 | 0.0.3 | 27.00 | NOTE | |||
r-release-windows-x86_64 | 0.0.3 | 8.00 | 64.00 | 72.00 | NOTE | |
r-oldrel-macos-arm64 | 0.0.3 | 28.00 | NOTE | |||
r-oldrel-macos-x86_64 | 0.0.3 | 32.00 | NOTE | |||
r-oldrel-windows-ix86+x86_64 | 0.0.3 | 8.00 | 56.00 | 64.00 | NOTE |
Version: 0.0.3
Check: LazyData
Result: NOTE
'LazyData' is specified without a 'data' directory
Flavors: r-devel-linux-x86_64-debian-clang, r-devel-linux-x86_64-debian-gcc, r-devel-linux-x86_64-fedora-clang, r-devel-linux-x86_64-fedora-gcc, r-devel-windows-x86_64, r-patched-linux-x86_64, r-release-linux-x86_64, r-release-macos-arm64, r-release-macos-x86_64, r-release-windows-x86_64, r-oldrel-macos-arm64, r-oldrel-macos-x86_64, r-oldrel-windows-ix86+x86_64