CRAN Package Check Results for Package protr

Last updated on 2022-05-15 01:52:27 CEST.

Flavor Version Tinstall Tcheck Ttotal Status Flags
r-devel-linux-x86_64-debian-clang 1.6-2 24.27 125.96 150.23 OK
r-devel-linux-x86_64-debian-gcc 1.6-2 18.30 91.94 110.24 OK
r-devel-linux-x86_64-fedora-clang 1.6-2 172.31 OK
r-devel-linux-x86_64-fedora-gcc 1.6-2 155.84 OK
r-devel-windows-x86_64 1.6-2 62.00 139.00 201.00 OK
r-patched-linux-x86_64 1.6-2 21.19 120.06 141.25 OK
r-release-linux-x86_64 1.6-2 20.63 120.49 141.12 OK
r-release-macos-arm64 1.6-2 52.00 NOTE
r-release-macos-x86_64 1.6-2 66.00 OK
r-release-windows-x86_64 1.6-2 67.00 143.00 210.00 OK
r-oldrel-macos-arm64 1.6-2 61.00 NOTE
r-oldrel-macos-x86_64 1.6-2 94.00 NOTE
r-oldrel-windows-ix86+x86_64 1.6-2 30.00 126.00 156.00 OK

Check Details

Version: 1.6-2
Check: package dependencies
Result: NOTE
    Packages suggested but not available for checking:
     'Biostrings', 'GOSemSim', 'org.Hs.eg.db'
Flavor: r-release-macos-arm64

Version: 1.6-2
Check: package dependencies
Result: NOTE
    Packages suggested but not available for checking:
     'GOSemSim', 'org.Hs.eg.db'
Flavor: r-oldrel-macos-arm64

Version: 1.6-2
Check: package dependencies
Result: NOTE
    Package suggested but not available for checking: ‘org.Hs.eg.db’
Flavor: r-oldrel-macos-x86_64