Last updated on 2022-05-15 01:52:27 CEST.
Flavor | Version | Tinstall | Tcheck | Ttotal | Status | Flags |
---|---|---|---|---|---|---|
r-devel-linux-x86_64-debian-clang | 1.0 | 129.55 | 426.51 | 556.06 | NOTE | |
r-devel-linux-x86_64-debian-gcc | 1.0 | 118.17 | 328.60 | 446.77 | NOTE | |
r-devel-linux-x86_64-fedora-clang | 1.0 | 727.43 | NOTE | |||
r-devel-linux-x86_64-fedora-gcc | 1.0 | 699.67 | NOTE | |||
r-devel-windows-x86_64 | 1.0 | 120.00 | 403.00 | 523.00 | NOTE | |
r-patched-linux-x86_64 | 1.0 | 120.42 | 444.15 | 564.57 | NOTE | |
r-release-linux-x86_64 | 1.0 | 110.60 | 475.50 | 586.10 | NOTE | |
r-release-macos-arm64 | 1.0 | 177.00 | NOTE | |||
r-release-macos-x86_64 | 1.0 | 348.00 | NOTE | |||
r-release-windows-x86_64 | 1.0 | 118.00 | 374.00 | 492.00 | NOTE | |
r-oldrel-macos-arm64 | 1.0 | 255.00 | NOTE | |||
r-oldrel-macos-x86_64 | 1.0 | 355.00 | NOTE | |||
r-oldrel-windows-ix86+x86_64 | 1.0 | 296.00 | 443.00 | 739.00 | NOTE |
Version: 1.0
Check: for GNU extensions in Makefiles
Result: NOTE
GNU make is a SystemRequirements.
Flavors: r-devel-linux-x86_64-debian-clang, r-devel-linux-x86_64-debian-gcc, r-devel-linux-x86_64-fedora-clang, r-devel-linux-x86_64-fedora-gcc, r-devel-windows-x86_64, r-patched-linux-x86_64, r-release-linux-x86_64, r-release-macos-arm64, r-release-macos-x86_64, r-release-windows-x86_64, r-oldrel-macos-arm64, r-oldrel-macos-x86_64, r-oldrel-windows-ix86+x86_64
Version: 1.0
Check: installed package size
Result: NOTE
installed size is 23.6Mb
sub-directories of 1Mb or more:
libs 22.9Mb
Flavors: r-devel-linux-x86_64-fedora-clang, r-release-macos-arm64, r-release-macos-x86_64, r-oldrel-macos-arm64, r-oldrel-macos-x86_64
Version: 1.0
Check: dependencies in R code
Result: NOTE
Namespaces in Imports field not imported from:
‘StanHeaders’ ‘methods’ ‘rstantools’
All declared Imports should be used.
Flavors: r-devel-linux-x86_64-fedora-clang, r-devel-linux-x86_64-fedora-gcc, r-release-macos-arm64, r-release-macos-x86_64, r-oldrel-macos-arm64, r-oldrel-macos-x86_64