Last updated on 2022-05-15 01:52:27 CEST.
Flavor | Version | Tinstall | Tcheck | Ttotal | Status | Flags |
---|---|---|---|---|---|---|
r-devel-linux-x86_64-debian-clang | 1.5.6.70 | 820.48 | 148.69 | 969.17 | NOTE | |
r-devel-linux-x86_64-debian-gcc | 1.5.6.70 | 787.60 | 144.26 | 931.86 | NOTE | |
r-devel-linux-x86_64-fedora-clang | 1.5.6.70 | 1372.97 | NOTE | |||
r-devel-linux-x86_64-fedora-gcc | 1.5.6.70 | 1507.52 | NOTE | |||
r-devel-windows-x86_64 | 1.5.6.70 | 529.00 | 235.00 | 764.00 | NOTE | |
r-patched-linux-x86_64 | 1.5.6.70 | 0.02 | 11.84 | 11.86 | ERROR | |
r-release-linux-x86_64 | 1.5.6.70 | 0.01 | 11.28 | 11.29 | ERROR | |
r-release-macos-arm64 | 1.5.6.70 | 305.00 | NOTE | |||
r-release-macos-x86_64 | 1.5.6.70 | 459.00 | NOTE | |||
r-release-windows-x86_64 | 1.5.6.70 | 515.00 | 231.00 | 746.00 | NOTE | |
r-oldrel-macos-arm64 | 1.5.6.70 | 315.00 | NOTE | |||
r-oldrel-macos-x86_64 | 1.5.6.70 | 424.00 | NOTE | |||
r-oldrel-windows-ix86+x86_64 | 1.5.6.70 | 1731.00 | 10.00 | 1741.00 | ERROR |
Version: 1.5.6.70
Check: for GNU extensions in Makefiles
Result: NOTE
GNU make is a SystemRequirements.
Flavors: r-devel-linux-x86_64-debian-clang, r-devel-linux-x86_64-debian-gcc, r-devel-linux-x86_64-fedora-clang, r-devel-linux-x86_64-fedora-gcc, r-devel-windows-x86_64, r-release-macos-arm64, r-release-macos-x86_64, r-release-windows-x86_64, r-oldrel-macos-arm64, r-oldrel-macos-x86_64
Version: 1.5.6.70
Check: installed package size
Result: NOTE
installed size is 76.3Mb
sub-directories of 1Mb or more:
libs 75.9Mb
Flavors: r-devel-linux-x86_64-fedora-clang, r-devel-windows-x86_64, r-release-macos-arm64, r-release-macos-x86_64, r-release-windows-x86_64, r-oldrel-macos-arm64, r-oldrel-macos-x86_64
Version: 1.5.6.70
Check: dependencies in R code
Result: NOTE
Namespace in Imports field not imported from: ‘RcppParallel’
All declared Imports should be used.
Flavors: r-devel-linux-x86_64-fedora-clang, r-devel-linux-x86_64-fedora-gcc, r-release-macos-arm64, r-release-macos-x86_64, r-oldrel-macos-arm64, r-oldrel-macos-x86_64
Version: 1.5.6.70
Check: whether package can be installed
Result: ERROR
Installation failed.
Flavors: r-patched-linux-x86_64, r-release-linux-x86_64, r-oldrel-windows-ix86+x86_64