Last updated on 2022-05-15 01:52:27 CEST.
Flavor | Version | Tinstall | Tcheck | Ttotal | Status | Flags |
---|---|---|---|---|---|---|
r-devel-linux-x86_64-debian-clang | 0.9.3 | 221.35 | 218.90 | 440.25 | OK | |
r-devel-linux-x86_64-debian-gcc | 0.9.3 | 175.44 | 365.41 | 540.85 | OK | |
r-devel-linux-x86_64-fedora-clang | 0.9.3 | 536.37 | NOTE | |||
r-devel-linux-x86_64-fedora-gcc | 0.9.3 | 510.07 | OK | |||
r-devel-windows-x86_64 | 0.9.3 | 86.00 | 191.00 | 277.00 | OK | |
r-patched-linux-x86_64 | 0.9.3 | 203.85 | 323.29 | 527.14 | OK | |
r-release-linux-x86_64 | 0.9.3 | 192.65 | 250.81 | 443.46 | OK | |
r-release-macos-arm64 | 0.9.3 | 72.00 | NOTE | |||
r-release-macos-x86_64 | 0.9.3 | 100.00 | NOTE | |||
r-release-windows-x86_64 | 0.9.3 | 122.00 | 205.00 | 327.00 | OK | |
r-oldrel-macos-arm64 | 0.9.3 | 78.00 | NOTE | |||
r-oldrel-macos-x86_64 | 0.9.3 | 101.00 | NOTE | |||
r-oldrel-windows-ix86+x86_64 | 0.9.3 | 429.00 | 346.00 | 775.00 | OK |
Version: 0.9.3
Check: installed package size
Result: NOTE
installed size is 10.9Mb
sub-directories of 1Mb or more:
libs 10.2Mb
Flavors: r-devel-linux-x86_64-fedora-clang, r-release-macos-arm64, r-release-macos-x86_64, r-oldrel-macos-arm64, r-oldrel-macos-x86_64