Last updated on 2022-05-15 01:52:27 CEST.
Flavor | Version | Tinstall | Tcheck | Ttotal | Status | Flags |
---|---|---|---|---|---|---|
r-devel-linux-x86_64-debian-clang | 0.3.4 | 32.05 | 104.38 | 136.43 | NOTE | |
r-devel-linux-x86_64-debian-gcc | 0.3.4 | 22.48 | 77.17 | 99.65 | NOTE | |
r-devel-linux-x86_64-fedora-clang | 0.3.4 | 170.30 | NOTE | |||
r-devel-linux-x86_64-fedora-gcc | 0.3.4 | 154.69 | NOTE | |||
r-devel-windows-x86_64 | 0.3.4 | 52.00 | 129.00 | 181.00 | NOTE | |
r-patched-linux-x86_64 | 0.3.4 | 17.86 | 99.21 | 117.07 | NOTE | |
r-release-linux-x86_64 | 0.3.4 | 17.68 | 98.64 | 116.32 | NOTE | |
r-release-macos-arm64 | 0.3.4 | 46.00 | NOTE | |||
r-release-macos-x86_64 | 0.3.4 | 73.00 | NOTE | |||
r-release-windows-x86_64 | 0.3.4 | 44.00 | 129.00 | 173.00 | NOTE | |
r-oldrel-macos-arm64 | 0.3.4 | 50.00 | NOTE | |||
r-oldrel-macos-x86_64 | 0.3.4 | 80.00 | NOTE | |||
r-oldrel-windows-ix86+x86_64 | 0.3.4 | 72.00 | 157.00 | 229.00 | NOTE |
Version: 0.3.4
Check: LazyData
Result: NOTE
'LazyData' is specified without a 'data' directory
Flavors: r-devel-linux-x86_64-debian-clang, r-devel-linux-x86_64-debian-gcc, r-devel-linux-x86_64-fedora-clang, r-devel-linux-x86_64-fedora-gcc, r-devel-windows-x86_64, r-patched-linux-x86_64, r-release-linux-x86_64, r-release-macos-arm64, r-release-macos-x86_64, r-release-windows-x86_64, r-oldrel-macos-arm64, r-oldrel-macos-x86_64, r-oldrel-windows-ix86+x86_64
Version: 0.3.4
Check: package dependencies
Result: NOTE
Imports includes 21 non-default packages.
Importing from so many packages makes the package vulnerable to any of
them becoming unavailable. Move as many as possible to Suggests and
use conditionally.
Flavor: r-devel-linux-x86_64-fedora-clang