Last updated on 2022-05-15 01:52:27 CEST.
Flavor | Version | Tinstall | Tcheck | Ttotal | Status | Flags |
---|---|---|---|---|---|---|
r-devel-linux-x86_64-debian-clang | 0.4 | 265.92 | 113.80 | 379.72 | NOTE | |
r-devel-linux-x86_64-debian-gcc | 0.4 | 216.00 | 84.79 | 300.79 | NOTE | |
r-devel-linux-x86_64-fedora-clang | 0.4 | 580.52 | NOTE | |||
r-devel-linux-x86_64-fedora-gcc | 0.4 | 496.24 | NOTE | |||
r-devel-windows-x86_64 | 0.4 | 326.00 | 157.00 | 483.00 | NOTE | |
r-patched-linux-x86_64 | 0.4 | 207.23 | 105.98 | 313.21 | NOTE | |
r-release-linux-x86_64 | 0.4 | 224.03 | 104.78 | 328.81 | NOTE | |
r-release-macos-arm64 | 0.4 | 114.00 | NOTE | |||
r-release-macos-x86_64 | 0.4 | 194.00 | NOTE | |||
r-release-windows-x86_64 | 0.4 | 318.00 | 163.00 | 481.00 | NOTE | |
r-oldrel-macos-arm64 | 0.4 | 89.00 | NOTE | |||
r-oldrel-macos-x86_64 | 0.4 | 148.00 | NOTE | |||
r-oldrel-windows-ix86+x86_64 | 0.4 | 722.00 | 184.00 | 906.00 | NOTE |
Version: 0.4
Check: package dependencies
Result: NOTE
Package suggested but not available for checking: 'gurobi'
Flavors: r-devel-linux-x86_64-debian-clang, r-devel-linux-x86_64-debian-gcc, r-devel-linux-x86_64-fedora-clang, r-devel-linux-x86_64-fedora-gcc, r-devel-windows-x86_64, r-patched-linux-x86_64, r-release-linux-x86_64, r-release-macos-arm64, r-release-macos-x86_64, r-release-windows-x86_64, r-oldrel-macos-arm64, r-oldrel-macos-x86_64, r-oldrel-windows-ix86+x86_64
Version: 0.4
Check: installed package size
Result: NOTE
installed size is 9.4Mb
sub-directories of 1Mb or more:
doc 3.4Mb
libs 4.9Mb
Flavors: r-devel-linux-x86_64-fedora-clang, r-devel-windows-x86_64, r-release-macos-arm64, r-release-macos-x86_64, r-release-windows-x86_64, r-oldrel-macos-arm64, r-oldrel-macos-x86_64, r-oldrel-windows-ix86+x86_64