Last updated on 2022-05-15 01:52:27 CEST.
Flavor | Version | Tinstall | Tcheck | Ttotal | Status | Flags |
---|---|---|---|---|---|---|
r-devel-linux-x86_64-debian-clang | 0.3.1 | 4.63 | 51.45 | 56.08 | OK | |
r-devel-linux-x86_64-debian-gcc | 0.3.1 | 3.53 | 39.18 | 42.71 | OK | |
r-devel-linux-x86_64-fedora-clang | 0.3.1 | 69.86 | OK | |||
r-devel-linux-x86_64-fedora-gcc | 0.3.1 | 63.71 | OK | |||
r-devel-windows-x86_64 | 0.3.1 | 43.00 | 72.00 | 115.00 | OK | |
r-patched-linux-x86_64 | 0.3.1 | 3.58 | 49.83 | 53.41 | OK | |
r-release-linux-x86_64 | 0.3.1 | 3.29 | 48.54 | 51.83 | OK | |
r-release-macos-arm64 | 0.3.1 | 20.00 | OK | |||
r-release-macos-x86_64 | 0.3.1 | 6.00 | ERROR | |||
r-release-windows-x86_64 | 0.3.1 | 45.00 | 76.00 | 121.00 | OK | |
r-oldrel-macos-arm64 | 0.3.1 | 25.00 | OK | |||
r-oldrel-macos-x86_64 | 0.3.1 | 30.00 | OK | |||
r-oldrel-windows-ix86+x86_64 | 0.3.1 | 11.00 | 62.00 | 73.00 | OK |
Version: 0.3.1
Check: package dependencies
Result: ERROR
Package required but not available: ‘kappaSize’
See section ‘The DESCRIPTION file’ in the ‘Writing R Extensions’
manual.
Flavor: r-release-macos-x86_64