CRAN Package Check Results for Package presentes

Last updated on 2022-05-15 01:52:27 CEST.

Flavor Version Tinstall Tcheck Ttotal Status Flags
r-devel-linux-x86_64-debian-clang 0.1.0 3.31 36.19 39.50 OK
r-devel-linux-x86_64-debian-gcc 0.1.0 3.35 28.08 31.43 OK
r-devel-linux-x86_64-fedora-clang 0.1.0 49.46 NOTE
r-devel-linux-x86_64-fedora-gcc 0.1.0 47.54 NOTE
r-devel-windows-x86_64 0.1.0 50.00 55.00 105.00 OK
r-patched-linux-x86_64 0.1.0 4.45 35.04 39.49 OK
r-release-linux-x86_64 0.1.0 3.19 34.53 37.72 OK
r-release-macos-arm64 0.1.0 19.00 NOTE
r-release-macos-x86_64 0.1.0 23.00 NOTE
r-release-windows-x86_64 0.1.0 48.00 58.00 106.00 OK
r-oldrel-macos-arm64 0.1.0 22.00 NOTE
r-oldrel-macos-x86_64 0.1.0 37.00 NOTE
r-oldrel-windows-ix86+x86_64 0.1.0 9.00 48.00 57.00 OK

Check Details

Version: 0.1.0
Check: data for non-ASCII characters
Result: NOTE
     Note: found 42966 marked UTF-8 strings
Flavors: r-devel-linux-x86_64-fedora-clang, r-devel-linux-x86_64-fedora-gcc, r-release-macos-arm64, r-release-macos-x86_64, r-oldrel-macos-arm64, r-oldrel-macos-x86_64