CRAN Package Check Results for Package preferably

Last updated on 2022-05-15 01:52:27 CEST.

Flavor Version Tinstall Tcheck Ttotal Status Flags
r-devel-linux-x86_64-debian-clang 0.4 1.80 30.95 32.75 OK
r-devel-linux-x86_64-debian-gcc 0.4 1.89 23.88 25.77 OK
r-devel-linux-x86_64-fedora-clang 0.4 40.54 NOTE
r-devel-linux-x86_64-fedora-gcc 0.4 38.91 NOTE
r-devel-windows-x86_64 0.4 16.00 50.00 66.00 OK
r-patched-linux-x86_64 0.4 2.14 30.65 32.79 OK
r-release-linux-x86_64 0.4 2.29 29.51 31.80 OK
r-release-macos-arm64 0.4 15.00 NOTE
r-release-macos-x86_64 0.4 22.00 NOTE
r-release-windows-x86_64 0.4 17.00 52.00 69.00 OK
r-oldrel-macos-arm64 0.4 72.00 NOTE
r-oldrel-macos-x86_64 0.4 20.00 NOTE
r-oldrel-windows-ix86+x86_64 0.4 7.00 44.00 51.00 OK

Check Details

Version: 0.4
Check: dependencies in R code
Result: NOTE
    Namespaces in Imports field not imported from:
     ‘knitr’ ‘pkgdown’ ‘rmarkdown’
     All declared Imports should be used.
Flavors: r-devel-linux-x86_64-fedora-clang, r-devel-linux-x86_64-fedora-gcc, r-release-macos-arm64, r-release-macos-x86_64, r-oldrel-macos-arm64, r-oldrel-macos-x86_64