CRAN Package Check Results for Package ppseq

Last updated on 2022-05-15 01:52:27 CEST.

Flavor Version Tinstall Tcheck Ttotal Status Flags
r-devel-linux-x86_64-debian-clang 0.1.1 9.93 335.99 345.92 OK
r-devel-linux-x86_64-debian-gcc 0.1.1 6.41 251.85 258.26 OK
r-devel-linux-x86_64-fedora-clang 0.1.1 408.50 NOTE
r-devel-linux-x86_64-fedora-gcc 0.1.1 397.74 OK
r-devel-windows-x86_64 0.1.1 24.00 418.00 442.00 NOTE
r-patched-linux-x86_64 0.1.1 8.08 334.84 342.92 OK
r-release-linux-x86_64 0.1.1 6.24 326.43 332.67 OK
r-release-macos-arm64 0.1.1 119.00 NOTE
r-release-macos-x86_64 0.1.1 177.00 NOTE
r-release-windows-x86_64 0.1.1 29.00 425.00 454.00 NOTE
r-oldrel-macos-arm64 0.1.1 260.00 NOTE
r-oldrel-macos-x86_64 0.1.1 150.00 NOTE
r-oldrel-windows-ix86+x86_64 0.1.1 22.00 447.00 469.00 NOTE

Check Details

Version: 0.1.1
Check: installed package size
Result: NOTE
     installed size is 5.4Mb
     sub-directories of 1Mb or more:
     doc 5.2Mb
Flavors: r-devel-linux-x86_64-fedora-clang, r-devel-windows-x86_64, r-release-macos-arm64, r-release-macos-x86_64, r-release-windows-x86_64, r-oldrel-macos-arm64, r-oldrel-macos-x86_64, r-oldrel-windows-ix86+x86_64