Last updated on 2022-05-15 01:52:27 CEST.
Flavor | Version | Tinstall | Tcheck | Ttotal | Status | Flags |
---|---|---|---|---|---|---|
r-devel-linux-x86_64-debian-clang | 2.4.0.2 | 28.44 | 220.05 | 248.49 | OK | |
r-devel-linux-x86_64-debian-gcc | 2.4.0.2 | 22.78 | 159.81 | 182.59 | OK | |
r-devel-linux-x86_64-fedora-clang | 2.4.0.2 | 294.62 | NOTE | |||
r-devel-linux-x86_64-fedora-gcc | 2.4.0.2 | 295.29 | NOTE | |||
r-devel-windows-x86_64 | 2.4.0.2 | 95.00 | 195.00 | 290.00 | OK | |
r-patched-linux-x86_64 | 2.4.0.2 | 28.97 | 207.92 | 236.89 | OK | |
r-release-linux-x86_64 | 2.4.0.2 | 26.08 | 204.46 | 230.54 | OK | |
r-release-macos-arm64 | 2.4.0.2 | 75.00 | NOTE | |||
r-release-macos-x86_64 | 2.4.0.2 | 144.00 | NOTE | |||
r-release-windows-x86_64 | 2.4.0.2 | 61.00 | 190.00 | 251.00 | OK | |
r-oldrel-macos-arm64 | 2.4.0.2 | 73.00 | NOTE | |||
r-oldrel-macos-x86_64 | 2.4.0.2 | 111.00 | NOTE | |||
r-oldrel-windows-ix86+x86_64 | 2.4.0.2 | 60.00 | 203.00 | 263.00 | OK |
Version: 2.4.0.2
Check: dependencies in R code
Result: NOTE
Namespaces in Imports field not imported from:
‘ActCR’ ‘ActFrag’ ‘tidyr’
All declared Imports should be used.
Flavors: r-devel-linux-x86_64-fedora-clang, r-devel-linux-x86_64-fedora-gcc, r-release-macos-arm64, r-release-macos-x86_64, r-oldrel-macos-arm64, r-oldrel-macos-x86_64