Last updated on 2022-05-15 01:52:27 CEST.
Flavor | Version | Tinstall | Tcheck | Ttotal | Status | Flags |
---|---|---|---|---|---|---|
r-devel-linux-x86_64-debian-clang | 1.10-0 | 13.27 | 35.32 | 48.59 | NOTE | |
r-devel-linux-x86_64-debian-gcc | 1.10-0 | 8.95 | 26.94 | 35.89 | NOTE | |
r-devel-linux-x86_64-fedora-clang | 1.10-0 | 64.39 | NOTE | |||
r-devel-linux-x86_64-fedora-gcc | 1.10-0 | 58.14 | NOTE | |||
r-devel-windows-x86_64 | 1.10-0 | 26.00 | 65.00 | 91.00 | NOTE | |
r-patched-linux-x86_64 | 1.10-0 | 11.67 | 32.99 | 44.66 | NOTE | |
r-release-linux-x86_64 | 1.10-0 | 11.12 | 33.07 | 44.19 | NOTE | |
r-release-macos-arm64 | 1.10-0 | 22.00 | NOTE | |||
r-release-macos-x86_64 | 1.10-0 | 31.00 | NOTE | |||
r-release-windows-x86_64 | 1.10-0 | 19.00 | 66.00 | 85.00 | NOTE | |
r-oldrel-macos-arm64 | 1.10-0 | 28.00 | NOTE | |||
r-oldrel-macos-x86_64 | 1.10-0 | 40.00 | NOTE | |||
r-oldrel-windows-ix86+x86_64 | 1.10-0 | 29.00 | 44.00 | 73.00 | NOTE |
Version: 1.10-0
Check: LazyData
Result: NOTE
'LazyData' is specified without a 'data' directory
Flavors: r-devel-linux-x86_64-debian-clang, r-devel-linux-x86_64-debian-gcc, r-devel-linux-x86_64-fedora-clang, r-devel-linux-x86_64-fedora-gcc, r-devel-windows-x86_64, r-patched-linux-x86_64, r-release-linux-x86_64, r-release-macos-arm64, r-release-macos-x86_64, r-release-windows-x86_64, r-oldrel-macos-arm64, r-oldrel-macos-x86_64, r-oldrel-windows-ix86+x86_64