Last updated on 2022-05-15 01:52:26 CEST.
Flavor | Version | Tinstall | Tcheck | Ttotal | Status | Flags |
---|---|---|---|---|---|---|
r-devel-linux-x86_64-debian-clang | 0.3.2 | 75.84 | 225.21 | 301.05 | OK | |
r-devel-linux-x86_64-debian-gcc | 0.3.2 | 62.56 | 186.52 | 249.08 | OK | |
r-devel-linux-x86_64-fedora-clang | 0.3.2 | 384.15 | OK | |||
r-devel-linux-x86_64-fedora-gcc | 0.3.2 | 372.23 | OK | |||
r-devel-windows-x86_64 | 0.3.2 | 118.00 | 303.00 | 421.00 | OK | |
r-patched-linux-x86_64 | 0.3.2 | 64.33 | 201.80 | 266.13 | OK | |
r-release-linux-x86_64 | 0.3.2 | 62.69 | 206.26 | 268.95 | OK | |
r-release-macos-arm64 | 0.3.2 | 90.00 | OK | |||
r-release-macos-x86_64 | 0.3.2 | 159.00 | OK | |||
r-release-windows-x86_64 | 0.3.2 | 142.00 | 289.00 | 431.00 | OK | |
r-oldrel-macos-arm64 | 0.3.2 | 101.00 | NOTE | |||
r-oldrel-macos-x86_64 | 0.3.2 | 116.00 | OK | |||
r-oldrel-windows-ix86+x86_64 | 0.3.2 | 187.00 | 388.00 | 575.00 | OK |
Version: 0.3.2
Check: installed package size
Result: NOTE
installed size is 5.2Mb
sub-directories of 1Mb or more:
libs 4.1Mb
Flavor: r-oldrel-macos-arm64