Last updated on 2022-05-15 01:52:26 CEST.
Flavor | Version | Tinstall | Tcheck | Ttotal | Status | Flags |
---|---|---|---|---|---|---|
r-devel-linux-x86_64-debian-clang | 1.6 | 6.62 | 62.56 | 69.18 | NOTE | |
r-devel-linux-x86_64-debian-gcc | 1.6 | 4.95 | 46.40 | 51.35 | NOTE | |
r-devel-linux-x86_64-fedora-clang | 1.6 | 82.40 | NOTE | |||
r-devel-linux-x86_64-fedora-gcc | 1.6 | 79.26 | NOTE | |||
r-devel-windows-x86_64 | 1.6 | 22.00 | 72.00 | 94.00 | OK | |
r-patched-linux-x86_64 | 1.6 | 7.92 | 58.50 | 66.42 | NOTE | |
r-release-linux-x86_64 | 1.6 | 5.19 | 58.19 | 63.38 | NOTE | |
r-release-macos-arm64 | 1.6 | 23.00 | OK | |||
r-release-macos-x86_64 | 1.6 | 33.00 | OK | |||
r-release-windows-x86_64 | 1.6 | 24.00 | 72.00 | 96.00 | OK | |
r-oldrel-macos-arm64 | 1.6 | 27.00 | OK | |||
r-oldrel-macos-x86_64 | 1.6 | 39.00 | OK | |||
r-oldrel-windows-ix86+x86_64 | 1.6 | 13.00 | 69.00 | 82.00 | OK |
Version: 1.6
Check: for non-standard things in the check directory
Result: NOTE
Found the following files/directories:
'PARMA21del1_ident'
Flavors: r-devel-linux-x86_64-debian-clang, r-devel-linux-x86_64-debian-gcc, r-devel-linux-x86_64-fedora-clang, r-devel-linux-x86_64-fedora-gcc, r-patched-linux-x86_64, r-release-linux-x86_64