Last updated on 2022-05-15 01:52:26 CEST.
Flavor | Version | Tinstall | Tcheck | Ttotal | Status | Flags |
---|---|---|---|---|---|---|
r-devel-linux-x86_64-debian-clang | 0.15.2 | 53.80 | 276.39 | 330.19 | OK | |
r-devel-linux-x86_64-debian-gcc | 0.15.2 | 35.25 | 198.82 | 234.07 | OK | |
r-devel-linux-x86_64-fedora-clang | 0.15.2 | 369.82 | OK | |||
r-devel-linux-x86_64-fedora-gcc | 0.15.2 | 367.66 | OK | |||
r-devel-windows-x86_64 | 0.15.2 | 132.00 | 289.00 | 421.00 | OK | |
r-patched-linux-x86_64 | 0.15.2 | 44.74 | 257.81 | 302.55 | OK | |
r-release-linux-x86_64 | 0.15.2 | 49.16 | 256.22 | 305.38 | OK | |
r-release-macos-arm64 | 0.15.2 | 99.00 | OK | |||
r-release-macos-x86_64 | 0.15.2 | 125.00 | NOTE | |||
r-release-windows-x86_64 | 0.15.2 | 143.00 | 286.00 | 429.00 | OK | |
r-oldrel-macos-arm64 | 0.15.2 | 110.00 | OK | |||
r-oldrel-macos-x86_64 | 0.15.2 | 136.00 | OK | |||
r-oldrel-windows-ix86+x86_64 | 0.15.2 | 77.00 | 301.00 | 378.00 | OK |
Version: 0.15.2
Check: package dependencies
Result: NOTE
Package suggested but not available for checking: ‘partsm’
Flavor: r-release-macos-x86_64