Last updated on 2022-05-15 01:52:26 CEST.
Flavor | Version | Tinstall | Tcheck | Ttotal | Status | Flags |
---|---|---|---|---|---|---|
r-devel-linux-x86_64-debian-clang | 1.1.3 | 16.24 | 147.39 | 163.63 | OK | |
r-devel-linux-x86_64-debian-gcc | 1.1.3 | 13.13 | 107.68 | 120.81 | OK | |
r-devel-linux-x86_64-fedora-clang | 1.1.3 | 200.52 | OK | |||
r-devel-linux-x86_64-fedora-gcc | 1.1.3 | 200.18 | OK | |||
r-devel-windows-x86_64 | 1.1.3 | 23.00 | 150.00 | 173.00 | OK | |
r-patched-linux-x86_64 | 1.1.3 | 17.52 | 136.65 | 154.17 | OK | |
r-release-linux-x86_64 | 1.1.3 | 14.06 | 140.03 | 154.09 | NOTE | |
r-release-macos-arm64 | 1.1.3 | 43.00 | OK | |||
r-release-macos-x86_64 | 1.1.3 | 75.00 | OK | |||
r-release-windows-x86_64 | 1.1.3 | 23.00 | 144.00 | 167.00 | OK | |
r-oldrel-macos-arm64 | 1.1.3 | 48.00 | OK | |||
r-oldrel-macos-x86_64 | 1.1.3 | 71.00 | OK | |||
r-oldrel-windows-ix86+x86_64 | 1.1.3 | 36.00 | 147.00 | 183.00 | OK |
Version: 1.1.3
Check: package dependencies
Result: NOTE
Suggests orphaned package: ‘geiger’
Flavor: r-release-linux-x86_64