CRAN Package Check Results for Package pathfindR.data

Last updated on 2022-05-15 01:52:26 CEST.

Flavor Version Tinstall Tcheck Ttotal Status Flags
r-devel-linux-x86_64-debian-clang 1.1.2 20.78 39.34 60.12 OK
r-devel-linux-x86_64-debian-gcc 1.1.2 19.26 29.98 49.24 OK
r-devel-linux-x86_64-fedora-clang 1.1.2 80.45 NOTE
r-devel-linux-x86_64-fedora-gcc 1.1.2 75.75 NOTE
r-devel-windows-x86_64 1.1.2 91.00 55.00 146.00 OK
r-patched-linux-x86_64 1.1.2 21.06 37.42 58.48 OK
r-release-linux-x86_64 1.1.2 21.35 37.30 58.65 OK
r-release-macos-arm64 1.1.2 35.00 NOTE
r-release-macos-x86_64 1.1.2 38.00 NOTE
r-release-windows-x86_64 1.1.2 35.00 53.00 88.00 OK
r-oldrel-macos-arm64 1.1.2 53.00 NOTE
r-oldrel-macos-x86_64 1.1.2 44.00 NOTE
r-oldrel-windows-ix86+x86_64 1.1.2 42.00 32.00 74.00 OK

Check Details

Version: 1.1.2
Check: Rd cross-references
Result: NOTE
    Undeclared package ‘pathfindR’ in Rd xrefs
Flavor: r-devel-linux-x86_64-fedora-clang

Version: 1.1.2
Check: data for non-ASCII characters
Result: NOTE
     Note: found 1 marked UTF-8 string
Flavors: r-devel-linux-x86_64-fedora-clang, r-devel-linux-x86_64-fedora-gcc, r-release-macos-arm64, r-release-macos-x86_64, r-oldrel-macos-arm64, r-oldrel-macos-x86_64

Version: 1.1.2
Check: Rd cross-references
Result: NOTE
    Package unavailable to check Rd xrefs: ‘pathfindR’
Flavors: r-release-macos-arm64, r-oldrel-macos-arm64, r-oldrel-macos-x86_64