Last updated on 2022-05-15 01:52:26 CEST.
Flavor | Version | Tinstall | Tcheck | Ttotal | Status | Flags |
---|---|---|---|---|---|---|
r-devel-linux-x86_64-debian-clang | 0.2.6 | 66.60 | 142.12 | 208.72 | OK | |
r-devel-linux-x86_64-debian-gcc | 0.2.6 | 54.31 | 99.33 | 153.64 | OK | |
r-devel-linux-x86_64-fedora-clang | 0.2.6 | 283.78 | OK | |||
r-devel-linux-x86_64-fedora-gcc | 0.2.6 | 256.87 | OK | |||
r-devel-windows-x86_64 | 0.2.6 | 70.00 | 207.00 | 277.00 | OK | |
r-patched-linux-x86_64 | 0.2.6 | 63.06 | 129.15 | 192.21 | OK | |
r-release-linux-x86_64 | 0.2.6 | 62.77 | 127.83 | 190.60 | OK | |
r-release-macos-arm64 | 0.2.6 | 64.00 | OK | |||
r-release-macos-x86_64 | 0.2.6 | 84.00 | OK | |||
r-release-windows-x86_64 | 0.2.6 | 75.00 | 214.00 | 289.00 | OK | |
r-oldrel-macos-arm64 | 0.2.6 | 64.00 | NOTE | |||
r-oldrel-macos-x86_64 | 0.2.6 | 104.00 | OK | |||
r-oldrel-windows-ix86+x86_64 | 0.2.6 | 179.00 | 290.00 | 469.00 | OK |
Version: 0.2.6
Check: installed package size
Result: NOTE
installed size is 5.4Mb
sub-directories of 1Mb or more:
libs 5.1Mb
Flavor: r-oldrel-macos-arm64