Last updated on 2022-05-15 01:52:26 CEST.
Flavor | Version | Tinstall | Tcheck | Ttotal | Status | Flags |
---|---|---|---|---|---|---|
r-devel-linux-x86_64-debian-clang | 1.56.1 | 11.47 | 94.02 | 105.49 | OK | |
r-devel-linux-x86_64-debian-gcc | 1.56.1 | 8.86 | 69.71 | 78.57 | OK | |
r-devel-linux-x86_64-fedora-clang | 1.56.1 | 121.02 | NOTE | |||
r-devel-linux-x86_64-fedora-gcc | 1.56.1 | 119.36 | NOTE | |||
r-devel-windows-x86_64 | 1.56.1 | 32.00 | 112.00 | 144.00 | OK | |
r-patched-linux-x86_64 | 1.56.1 | 11.25 | 88.15 | 99.40 | OK | |
r-release-linux-x86_64 | 1.56.1 | 10.11 | 89.50 | 99.61 | OK | |
r-release-macos-arm64 | 1.56.1 | 37.00 | OK | |||
r-release-macos-x86_64 | 1.56.1 | 52.00 | OK | |||
r-release-windows-x86_64 | 1.56.1 | 30.00 | 108.00 | 138.00 | OK | |
r-oldrel-macos-arm64 | 1.56.1 | 42.00 | OK | |||
r-oldrel-macos-x86_64 | 1.56.1 | 73.00 | OK | |||
r-oldrel-windows-ix86+x86_64 | 1.56.1 | 22.00 | 134.00 | 156.00 | OK |
Version: 1.56.1
Check: compiled code
Result: NOTE
File ‘pamr/libs/pamr.so’:
Found no calls to: ‘R_registerRoutines’, ‘R_useDynamicSymbols’
It is good practice to register native routines and to disable symbol
search.
See ‘Writing portable packages’ in the ‘Writing R Extensions’ manual.
Flavors: r-devel-linux-x86_64-fedora-clang, r-devel-linux-x86_64-fedora-gcc