Last updated on 2022-05-15 01:52:26 CEST.
Flavor | Version | Tinstall | Tcheck | Ttotal | Status | Flags |
---|---|---|---|---|---|---|
r-devel-linux-x86_64-debian-clang | 1.0.10 | 169.19 | 165.81 | 335.00 | NOTE | |
r-devel-linux-x86_64-debian-gcc | 1.0.10 | 128.58 | 120.64 | 249.22 | NOTE | |
r-devel-windows-x86_64 | 1.0.10 | 204.00 | 186.00 | 390.00 | OK | |
r-patched-linux-x86_64 | 1.0.10 | 135.49 | 153.08 | 288.57 | OK | |
r-release-linux-x86_64 | 1.0.10 | 142.18 | 150.23 | 292.41 | OK | |
r-release-macos-arm64 | 1.0.10 | 101.00 | NOTE | |||
r-release-macos-x86_64 | 1.0.10 | 155.00 | NOTE | |||
r-release-windows-x86_64 | 1.0.10 | 200.00 | 187.00 | 387.00 | OK | |
r-oldrel-macos-arm64 | 1.0.10 | 83.00 | NOTE | |||
r-oldrel-macos-x86_64 | 1.0.10 | 135.00 | NOTE | |||
r-oldrel-windows-ix86+x86_64 | 1.0.10 | 416.00 | 227.00 | 643.00 | OK |
Version: 1.0.10
Check: package dependencies
Result: NOTE
Package suggested but not available for checking: 'scde'
Flavors: r-devel-linux-x86_64-debian-clang, r-devel-linux-x86_64-debian-gcc, r-oldrel-macos-arm64
Version: 1.0.10
Check: package dependencies
Result: NOTE
Packages suggested but not available for checking: 'org.Dr.eg.db', 'scde'
Flavor: r-release-macos-arm64
Version: 1.0.10
Check: installed package size
Result: NOTE
installed size is 7.0Mb
sub-directories of 1Mb or more:
libs 5.2Mb
Flavors: r-release-macos-arm64, r-release-macos-x86_64, r-oldrel-macos-arm64, r-oldrel-macos-x86_64