CRAN Package Check Results for Package pGPx

Last updated on 2022-05-15 01:52:26 CEST.

Flavor Version Tinstall Tcheck Ttotal Status Flags
r-devel-linux-x86_64-debian-clang 0.1.1 25.95 61.50 87.45 NOTE
r-devel-linux-x86_64-debian-gcc 0.1.1 24.07 45.31 69.38 NOTE
r-devel-linux-x86_64-fedora-clang 0.1.1 116.30 NOTE
r-devel-linux-x86_64-fedora-gcc 0.1.1 111.42 NOTE
r-devel-windows-x86_64 0.1.1 33.00 100.00 133.00 NOTE
r-patched-linux-x86_64 0.1.1 27.02 58.81 85.83 NOTE
r-release-linux-x86_64 0.1.1 25.73 58.57 84.30 NOTE
r-release-macos-arm64 0.1.1 34.00 NOTE
r-release-macos-x86_64 0.1.1 44.00 NOTE
r-release-windows-x86_64 0.1.1 32.00 108.00 140.00 NOTE
r-oldrel-macos-arm64 0.1.1 36.00 NOTE
r-oldrel-macos-x86_64 0.1.1 51.00 NOTE
r-oldrel-windows-ix86+x86_64 0.1.1 74.00 123.00 197.00 NOTE

Check Details

Version: 0.1.1
Check: LazyData
Result: NOTE
     'LazyData' is specified without a 'data' directory
Flavors: r-devel-linux-x86_64-debian-clang, r-devel-linux-x86_64-debian-gcc, r-devel-linux-x86_64-fedora-clang, r-devel-linux-x86_64-fedora-gcc, r-devel-windows-x86_64, r-patched-linux-x86_64, r-release-linux-x86_64, r-release-macos-arm64, r-release-macos-x86_64, r-release-windows-x86_64, r-oldrel-macos-arm64, r-oldrel-macos-x86_64, r-oldrel-windows-ix86+x86_64