CRAN Package Check Results for Package outliertree

Last updated on 2022-05-15 01:52:26 CEST.

Flavor Version Tinstall Tcheck Ttotal Status Flags
r-devel-linux-x86_64-debian-clang 1.8.1 98.70 58.03 156.73 OK
r-devel-linux-x86_64-debian-gcc 1.8.1 83.50 42.73 126.23 OK
r-devel-linux-x86_64-fedora-clang 1.8.1 235.72 NOTE
r-devel-linux-x86_64-fedora-gcc 1.8.1 195.90 OK
r-devel-windows-x86_64 1.8.1 123.00 99.00 222.00 OK
r-patched-linux-x86_64 1.8.1 90.14 53.96 144.10 OK
r-release-linux-x86_64 1.8.1 81.48 52.98 134.46 OK
r-release-macos-arm64 1.8.1 56.00 NOTE
r-release-macos-x86_64 1.8.1 79.00 NOTE
r-release-windows-x86_64 1.8.1 105.00 105.00 210.00 OK
r-oldrel-macos-arm64 1.8.1 54.00 NOTE
r-oldrel-macos-x86_64 1.8.1 72.00 NOTE
r-oldrel-windows-ix86+x86_64 1.8.1 216.00 93.00 309.00 OK

Check Details

Version: 1.8.1
Check: installed package size
Result: NOTE
     installed size is 5.7Mb
     sub-directories of 1Mb or more:
     doc 1.3Mb
     libs 4.1Mb
Flavors: r-devel-linux-x86_64-fedora-clang, r-release-macos-arm64, r-release-macos-x86_64, r-oldrel-macos-arm64, r-oldrel-macos-x86_64