Last updated on 2022-05-15 01:52:26 CEST.
Flavor | Version | Tinstall | Tcheck | Ttotal | Status | Flags |
---|---|---|---|---|---|---|
r-devel-linux-x86_64-debian-clang | 2.17 | 5.60 | 54.00 | 59.60 | OK | |
r-devel-linux-x86_64-debian-gcc | 2.17 | 5.40 | 40.45 | 45.85 | OK | |
r-devel-linux-x86_64-fedora-clang | 2.17 | 75.21 | OK | |||
r-devel-linux-x86_64-fedora-gcc | 2.17 | 74.28 | OK | |||
r-devel-windows-x86_64 | 2.17 | 33.00 | 73.00 | 106.00 | OK | |
r-patched-linux-x86_64 | 2.17 | 6.64 | 51.25 | 57.89 | OK | |
r-release-linux-x86_64 | 2.17 | 5.24 | 51.30 | 56.54 | NOTE | |
r-release-macos-arm64 | 2.17 | 19.00 | OK | |||
r-release-macos-x86_64 | 2.17 | 32.00 | OK | |||
r-release-windows-x86_64 | 2.17 | 35.00 | 69.00 | 104.00 | OK | |
r-oldrel-macos-arm64 | 2.17 | 25.00 | OK | |||
r-oldrel-macos-x86_64 | 2.17 | 45.00 | OK | |||
r-oldrel-windows-ix86+x86_64 | 2.17 | 18.00 | 83.00 | 101.00 | OK |
Version: 2.17
Check: package dependencies
Result: NOTE
Suggests orphaned package: ‘geiger’
Flavor: r-release-linux-x86_64