CRAN Package Check Results for Package optrcdmaeAT

Last updated on 2022-05-15 01:52:25 CEST.

Flavor Version Tinstall Tcheck Ttotal Status Flags
r-devel-linux-x86_64-debian-clang 1.0.0 12.40 91.95 104.35 NOTE
r-devel-linux-x86_64-debian-gcc 1.0.0 9.53 70.20 79.73 NOTE
r-devel-linux-x86_64-fedora-clang 1.0.0 126.26 NOTE
r-devel-linux-x86_64-fedora-gcc 1.0.0 122.18 NOTE
r-devel-windows-x86_64 1.0.0 18.00 95.00 113.00 OK
r-patched-linux-x86_64 1.0.0 15.94 88.99 104.93 NOTE
r-release-linux-x86_64 1.0.0 13.14 89.03 102.17 NOTE
r-release-macos-arm64 1.0.0 40.00 OK
r-release-macos-x86_64 1.0.0 64.00 OK
r-release-windows-x86_64 1.0.0 24.00 98.00 122.00 OK
r-oldrel-macos-arm64 1.0.0 62.00 OK
r-oldrel-macos-x86_64 1.0.0 85.00 OK
r-oldrel-windows-ix86+x86_64 1.0.0 22.00 96.00 118.00 OK

Check Details

Version: 1.0.0
Check: for non-standard things in the check directory
Result: NOTE
    Found the following files/directories:
     'Graph_layout_Doptrcd_trtE'
Flavors: r-devel-linux-x86_64-debian-clang, r-devel-linux-x86_64-debian-gcc, r-devel-linux-x86_64-fedora-clang, r-devel-linux-x86_64-fedora-gcc, r-patched-linux-x86_64, r-release-linux-x86_64