Last updated on 2022-05-15 01:52:25 CEST.
Flavor | Version | Tinstall | Tcheck | Ttotal | Status | Flags |
---|---|---|---|---|---|---|
r-devel-linux-x86_64-debian-clang | 1.0.1 | 10.18 | 92.84 | 103.02 | NOTE | |
r-devel-linux-x86_64-debian-gcc | 1.0.1 | 10.10 | 69.00 | 79.10 | NOTE | |
r-devel-linux-x86_64-fedora-clang | 1.0.1 | 123.68 | NOTE | |||
r-devel-linux-x86_64-fedora-gcc | 1.0.1 | 120.91 | NOTE | |||
r-devel-windows-x86_64 | 1.0.1 | 19.00 | 100.00 | 119.00 | OK | |
r-patched-linux-x86_64 | 1.0.1 | 13.23 | 87.40 | 100.63 | NOTE | |
r-release-linux-x86_64 | 1.0.1 | 10.85 | 85.35 | 96.20 | NOTE | |
r-release-macos-arm64 | 1.0.1 | 40.00 | OK | |||
r-release-macos-x86_64 | 1.0.1 | 63.00 | OK | |||
r-release-windows-x86_64 | 1.0.1 | 21.00 | 103.00 | 124.00 | OK | |
r-oldrel-macos-arm64 | 1.0.1 | 57.00 | OK | |||
r-oldrel-macos-x86_64 | 1.0.1 | 85.00 | OK | |||
r-oldrel-windows-ix86+x86_64 | 1.0.1 | 21.00 | 95.00 | 116.00 | OK |
Version: 1.0.1
Check: for non-standard things in the check directory
Result: NOTE
Found the following files/directories:
'Graph_layout_Doptbd_trtE'
Flavors: r-devel-linux-x86_64-debian-clang, r-devel-linux-x86_64-debian-gcc, r-devel-linux-x86_64-fedora-clang, r-devel-linux-x86_64-fedora-gcc, r-patched-linux-x86_64, r-release-linux-x86_64