CRAN Package Check Results for Package openalexR

Last updated on 2022-05-15 01:52:25 CEST.

Flavor Version Tinstall Tcheck Ttotal Status Flags
r-devel-linux-x86_64-debian-clang 0.0.1 5.35 168.47 173.82 OK
r-devel-linux-x86_64-debian-gcc 0.0.1 4.64 121.17 125.81 OK
r-devel-linux-x86_64-fedora-clang 0.0.1 205.44 NOTE
r-devel-linux-x86_64-fedora-gcc 0.0.1 207.38 NOTE
r-devel-windows-x86_64 0.0.1 22.00 200.00 222.00 OK
r-patched-linux-x86_64 0.0.1 5.77 156.14 161.91 OK
r-release-linux-x86_64 0.0.1 6.34 157.39 163.73 OK
r-release-macos-arm64 0.0.1 79.00 NOTE
r-release-macos-x86_64 0.0.1 89.00 NOTE
r-release-windows-x86_64 0.0.1 18.00 197.00 215.00 OK
r-oldrel-macos-arm64 0.0.1 78.00 NOTE
r-oldrel-macos-x86_64 0.0.1 91.00 NOTE
r-oldrel-windows-ix86+x86_64 0.0.1 15.00 208.00 223.00 OK

Check Details

Version: 0.0.1
Check: data for non-ASCII characters
Result: NOTE
     Note: found 5 marked UTF-8 strings
Flavors: r-devel-linux-x86_64-fedora-clang, r-devel-linux-x86_64-fedora-gcc, r-release-macos-arm64, r-release-macos-x86_64, r-oldrel-macos-arm64, r-oldrel-macos-x86_64