CRAN Package Check Results for Package openadds

Last updated on 2022-05-15 01:52:25 CEST.

Flavor Version Tinstall Tcheck Ttotal Status Flags
r-devel-linux-x86_64-debian-clang 0.2.0 6.64 67.25 73.89 NOTE
r-devel-linux-x86_64-debian-gcc 0.2.0 4.81 50.33 55.14 NOTE
r-devel-linux-x86_64-fedora-clang 0.2.0 86.28 NOTE
r-devel-linux-x86_64-fedora-gcc 0.2.0 83.74 NOTE
r-devel-windows-x86_64 0.2.0 24.00 112.00 136.00 NOTE
r-patched-linux-x86_64 0.2.0 5.26 62.73 67.99 NOTE
r-release-linux-x86_64 0.2.0 5.91 62.92 68.83 NOTE
r-release-macos-arm64 0.2.0 24.00 NOTE
r-release-macos-x86_64 0.2.0 44.00 NOTE
r-release-windows-x86_64 0.2.0 26.00 109.00 135.00 NOTE
r-oldrel-macos-arm64 0.2.0 25.00 NOTE
r-oldrel-macos-x86_64 0.2.0 45.00 NOTE
r-oldrel-windows-ix86+x86_64 0.2.0 25.00 121.00 146.00 NOTE

Check Details

Version: 0.2.0
Check: LazyData
Result: NOTE
     'LazyData' is specified without a 'data' directory
Flavors: r-devel-linux-x86_64-debian-clang, r-devel-linux-x86_64-debian-gcc, r-devel-linux-x86_64-fedora-clang, r-devel-linux-x86_64-fedora-gcc, r-devel-windows-x86_64, r-patched-linux-x86_64, r-release-linux-x86_64, r-release-macos-arm64, r-release-macos-x86_64, r-release-windows-x86_64, r-oldrel-macos-arm64, r-oldrel-macos-x86_64, r-oldrel-windows-ix86+x86_64