Last updated on 2022-05-15 01:52:25 CEST.
Flavor | Version | Tinstall | Tcheck | Ttotal | Status | Flags |
---|---|---|---|---|---|---|
r-devel-linux-x86_64-debian-clang | 0.2 | 1.01 | 11.74 | 12.75 | ERROR | |
r-devel-linux-x86_64-debian-gcc | 0.2 | 0.72 | 9.27 | 9.99 | ERROR | |
r-devel-linux-x86_64-fedora-clang | 0.2 | 799.54 | NOTE | |||
r-devel-linux-x86_64-fedora-gcc | 0.2 | 778.99 | NOTE | |||
r-devel-windows-x86_64 | 0.2 | 74.00 | 526.00 | 600.00 | OK | |
r-patched-linux-x86_64 | 0.2 | 47.95 | 543.99 | 591.94 | OK | |
r-release-linux-x86_64 | 0.2 | 52.25 | 539.00 | 591.25 | OK | |
r-release-macos-arm64 | 0.2 | 195.00 | NOTE | |||
r-release-macos-x86_64 | 0.2 | 324.00 | NOTE | |||
r-release-windows-x86_64 | 0.2 | 63.00 | 527.00 | 590.00 | OK | |
r-oldrel-macos-arm64 | 0.2 | 227.00 | NOTE | |||
r-oldrel-macos-x86_64 | 0.2 | 267.00 | NOTE | |||
r-oldrel-windows-ix86+x86_64 | 0.2 | 121.00 | 617.00 | 738.00 | OK |
Version: 0.2
Check: package dependencies
Result: ERROR
Package required but not available: 'sva'
See section 'The DESCRIPTION file' in the 'Writing R Extensions'
manual.
Flavors: r-devel-linux-x86_64-debian-clang, r-devel-linux-x86_64-debian-gcc
Version: 0.2
Check: dependencies in R code
Result: NOTE
Namespaces in Imports field not imported from:
‘gdata’ ‘genefilter’ ‘maftools’ ‘readxl’
All declared Imports should be used.
Flavors: r-devel-linux-x86_64-fedora-clang, r-devel-linux-x86_64-fedora-gcc, r-release-macos-arm64, r-release-macos-x86_64, r-oldrel-macos-arm64, r-oldrel-macos-x86_64