Last updated on 2022-05-15 01:52:25 CEST.
Flavor | Version | Tinstall | Tcheck | Ttotal | Status | Flags |
---|---|---|---|---|---|---|
r-devel-linux-x86_64-debian-clang | 0.1.4 | 2.24 | 40.62 | 42.86 | NOTE | |
r-devel-linux-x86_64-debian-gcc | 0.1.4 | 2.06 | 31.79 | 33.85 | NOTE | |
r-devel-linux-x86_64-fedora-clang | 0.1.4 | 53.36 | NOTE | |||
r-devel-linux-x86_64-fedora-gcc | 0.1.4 | 51.35 | NOTE | |||
r-devel-windows-x86_64 | 0.1.4 | 24.00 | 68.00 | 92.00 | NOTE | |
r-patched-linux-x86_64 | 0.1.4 | 2.61 | 39.19 | 41.80 | NOTE | |
r-release-linux-x86_64 | 0.1.4 | 2.21 | 39.89 | 42.10 | NOTE | |
r-release-macos-arm64 | 0.1.4 | 18.00 | NOTE | |||
r-release-macos-x86_64 | 0.1.4 | 26.00 | NOTE | |||
r-release-windows-x86_64 | 0.1.4 | 27.00 | 70.00 | 97.00 | NOTE | |
r-oldrel-macos-arm64 | 0.1.4 | 21.00 | NOTE | |||
r-oldrel-macos-x86_64 | 0.1.4 | 33.00 | NOTE | |||
r-oldrel-windows-ix86+x86_64 | 0.1.4 | 7.00 | 57.00 | 64.00 | NOTE |
Version: 0.1.4
Check: LazyData
Result: NOTE
'LazyData' is specified without a 'data' directory
Flavors: r-devel-linux-x86_64-debian-clang, r-devel-linux-x86_64-debian-gcc, r-devel-linux-x86_64-fedora-clang, r-devel-linux-x86_64-fedora-gcc, r-devel-windows-x86_64, r-patched-linux-x86_64, r-release-linux-x86_64, r-release-macos-arm64, r-release-macos-x86_64, r-release-windows-x86_64, r-oldrel-macos-arm64, r-oldrel-macos-x86_64, r-oldrel-windows-ix86+x86_64