CRAN Package Check Results for Package nsga3

Last updated on 2022-05-15 01:52:25 CEST.

Flavor Version Tinstall Tcheck Ttotal Status Flags
r-devel-linux-x86_64-debian-clang 0.0.3 14.90 121.73 136.63 OK
r-devel-linux-x86_64-debian-gcc 0.0.3 10.70 90.55 101.25 OK
r-devel-linux-x86_64-fedora-clang 0.0.3 154.61 NOTE
r-devel-linux-x86_64-fedora-gcc 0.0.3 149.26 NOTE
r-devel-windows-x86_64 0.0.3 16.00 123.00 139.00 OK
r-patched-linux-x86_64 0.0.3 11.17 111.95 123.12 OK
r-release-linux-x86_64 0.0.3 14.43 112.97 127.40 OK
r-release-macos-arm64 0.0.3 44.00 NOTE
r-release-macos-x86_64 0.0.3 80.00 NOTE
r-release-windows-x86_64 0.0.3 16.00 122.00 138.00 OK
r-oldrel-macos-arm64 0.0.3 46.00 NOTE
r-oldrel-macos-x86_64 0.0.3 68.00 NOTE
r-oldrel-windows-ix86+x86_64 0.0.3 29.00 122.00 151.00 OK

Check Details

Version: 0.0.3
Check: dependencies in R code
Result: NOTE
    Namespace in Imports field not imported from: ‘xgboost’
     All declared Imports should be used.
Flavors: r-devel-linux-x86_64-fedora-clang, r-devel-linux-x86_64-fedora-gcc, r-release-macos-arm64, r-release-macos-x86_64, r-oldrel-macos-arm64, r-oldrel-macos-x86_64