Last updated on 2022-05-15 01:52:25 CEST.
Flavor | Version | Tinstall | Tcheck | Ttotal | Status | Flags |
---|---|---|---|---|---|---|
r-devel-linux-x86_64-debian-clang | 1.3-0 | 3.69 | 42.38 | 46.07 | OK | |
r-devel-linux-x86_64-debian-gcc | 1.3-0 | 2.72 | 32.18 | 34.90 | OK | |
r-devel-linux-x86_64-fedora-clang | 1.3-0 | 54.96 | NOTE | |||
r-devel-linux-x86_64-fedora-gcc | 1.3-0 | 52.83 | OK | |||
r-devel-windows-x86_64 | 1.3-0 | 17.00 | 59.00 | 76.00 | OK | |
r-patched-linux-x86_64 | 1.3-0 | 3.39 | 40.73 | 44.12 | OK | |
r-release-linux-x86_64 | 1.3-0 | 2.83 | 39.98 | 42.81 | OK | |
r-release-macos-arm64 | 1.3-0 | 18.00 | OK | |||
r-release-macos-x86_64 | 1.3-0 | 26.00 | OK | |||
r-release-windows-x86_64 | 1.3-0 | 20.00 | 56.00 | 76.00 | OK | |
r-oldrel-macos-arm64 | 1.3-0 | 24.00 | OK | |||
r-oldrel-macos-x86_64 | 1.3-0 | 33.00 | OK | |||
r-oldrel-windows-ix86+x86_64 | 1.3-0 | 7.00 | 51.00 | 58.00 | OK |
Version: 1.3-0
Check: Rd cross-references
Result: NOTE
Undeclared package ‘copula’ in Rd xrefs
Flavor: r-devel-linux-x86_64-fedora-clang