Last updated on 2022-05-15 01:52:25 CEST.
Flavor | Version | Tinstall | Tcheck | Ttotal | Status | Flags |
---|---|---|---|---|---|---|
r-devel-linux-x86_64-debian-clang | 3.0 | 12.32 | 127.82 | 140.14 | NOTE | |
r-devel-linux-x86_64-debian-gcc | 3.0 | 10.31 | 94.06 | 104.37 | NOTE | |
r-devel-linux-x86_64-fedora-clang | 3.0 | 178.22 | NOTE | |||
r-devel-linux-x86_64-fedora-gcc | 3.0 | 157.60 | NOTE | |||
r-devel-windows-x86_64 | 3.0 | 16.00 | 130.00 | 146.00 | NOTE | |
r-patched-linux-x86_64 | 3.0 | 12.32 | 119.13 | 131.45 | NOTE | |
r-release-linux-x86_64 | 3.0 | 8.71 | 116.13 | 124.84 | NOTE | |
r-release-macos-arm64 | 3.0 | 50.00 | NOTE | |||
r-release-macos-x86_64 | 3.0 | 69.00 | NOTE | |||
r-release-windows-x86_64 | 3.0 | 17.00 | 130.00 | 147.00 | NOTE | |
r-oldrel-macos-arm64 | 3.0 | 45.00 | NOTE | |||
r-oldrel-macos-x86_64 | 3.0 | 61.00 | NOTE | |||
r-oldrel-windows-ix86+x86_64 | 3.0 | 32.00 | 125.00 | 157.00 | NOTE |
Version: 3.0
Check: LazyData
Result: NOTE
'LazyData' is specified without a 'data' directory
Flavors: r-devel-linux-x86_64-debian-clang, r-devel-linux-x86_64-debian-gcc, r-devel-linux-x86_64-fedora-clang, r-devel-linux-x86_64-fedora-gcc, r-devel-windows-x86_64, r-patched-linux-x86_64, r-release-linux-x86_64, r-release-macos-arm64, r-release-macos-x86_64, r-release-windows-x86_64, r-oldrel-macos-arm64, r-oldrel-macos-x86_64, r-oldrel-windows-ix86+x86_64