Last updated on 2022-05-15 01:52:25 CEST.
Flavor | Version | Tinstall | Tcheck | Ttotal | Status | Flags |
---|---|---|---|---|---|---|
r-devel-linux-x86_64-debian-clang | 1.0.6 | 34.44 | 87.46 | 121.90 | OK | |
r-devel-linux-x86_64-debian-gcc | 1.0.6 | 29.70 | 65.12 | 94.82 | OK | |
r-devel-linux-x86_64-fedora-clang | 1.0.6 | 157.77 | OK | |||
r-devel-linux-x86_64-fedora-gcc | 1.0.6 | 155.32 | OK | |||
r-devel-windows-x86_64 | 1.0.6 | 35.00 | 119.00 | 154.00 | OK | |
r-patched-linux-x86_64 | 1.0.6 | 33.39 | 82.38 | 115.77 | OK | |
r-release-linux-x86_64 | 1.0.6 | 33.69 | 83.67 | 117.36 | OK | |
r-release-macos-arm64 | 1.0.6 | 42.00 | OK | |||
r-release-macos-x86_64 | 1.0.6 | 59.00 | OK | |||
r-release-windows-x86_64 | 1.0.6 | 36.00 | 121.00 | 157.00 | OK | |
r-oldrel-macos-arm64 | 1.0.6 | 35.00 | OK | |||
r-oldrel-macos-x86_64 | 1.0.6 | 59.00 | OK | |||
r-oldrel-windows-ix86+x86_64 | 1.0.6 | 91.00 | 132.00 | 223.00 | NOTE |
Version: 1.0.6
Check: installed package size
Result: NOTE
installed size is 5.3Mb
sub-directories of 1Mb or more:
libs 2.2Mb
Flavor: r-oldrel-windows-ix86+x86_64