Last updated on 2022-05-15 01:52:25 CEST.
Flavor | Version | Tinstall | Tcheck | Ttotal | Status | Flags |
---|---|---|---|---|---|---|
r-devel-linux-x86_64-debian-clang | 1.22.3 | 152.20 | 370.79 | 522.99 | WARN | |
r-devel-linux-x86_64-debian-gcc | 1.22.3 | 123.95 | 271.32 | 395.27 | OK | |
r-devel-linux-x86_64-fedora-clang | 1.22.3 | 713.12 | WARN | |||
r-devel-linux-x86_64-fedora-gcc | 1.22.3 | 647.67 | OK | |||
r-devel-windows-x86_64 | 1.22.3 | 238.00 | 301.00 | 539.00 | NOTE | --no-vignettes |
r-patched-linux-x86_64 | 1.22.3 | 141.87 | 353.08 | 494.95 | OK | |
r-release-linux-x86_64 | 1.22.3 | 136.35 | 348.27 | 484.62 | OK | |
r-release-macos-arm64 | 1.22.3 | 132.00 | NOTE | |||
r-release-macos-x86_64 | 1.22.3 | 203.00 | NOTE | |||
r-release-windows-x86_64 | 1.22.3 | 332.00 | 237.00 | 569.00 | NOTE | --no-vignettes |
r-oldrel-macos-arm64 | 1.22.3 | 194.00 | NOTE | |||
r-oldrel-macos-x86_64 | 1.22.3 | 213.00 | NOTE | |||
r-oldrel-windows-ix86+x86_64 | 1.22.3 | 363.00 | 355.00 | 718.00 | NOTE | --no-vignettes |
Version: 1.22.3
Check: whether package can be installed
Result: WARN
Found the following significant warnings:
netdiffuser_extra.cpp:84:12: warning: use of bitwise '|' with boolean operands [-Wbitwise-instead-of-logical]
netdiffuser_extra.cpp:85:12: warning: use of bitwise '|' with boolean operands [-Wbitwise-instead-of-logical]
netdiffuser_extra.cpp:86:12: warning: use of bitwise '|' with boolean operands [-Wbitwise-instead-of-logical]
netdiffuser_extra.cpp:87:12: warning: use of bitwise '|' with boolean operands [-Wbitwise-instead-of-logical]
netdiffuser_extra.cpp:88:12: warning: use of bitwise '|' with boolean operands [-Wbitwise-instead-of-logical]
netdiffuser_extra.cpp:89:12: warning: use of bitwise '|' with boolean operands [-Wbitwise-instead-of-logical]
netdiffuser_extra.cpp:90:12: warning: use of bitwise '|' with boolean operands [-Wbitwise-instead-of-logical]
netdiffuser_extra.cpp:91:12: warning: use of bitwise '|' with boolean operands [-Wbitwise-instead-of-logical]
netdiffuser_extra.cpp:92:12: warning: use of bitwise '|' with boolean operands [-Wbitwise-instead-of-logical]
plot.cpp:70:14: warning: use of bitwise '&' with boolean operands [-Wbitwise-instead-of-logical]
plot.cpp:70:58: warning: use of bitwise '&' with boolean operands [-Wbitwise-instead-of-logical]
plot.cpp:70:15: warning: use of bitwise '&' with boolean operands [-Wbitwise-instead-of-logical]
rgraph.cpp:257:7: warning: use of bitwise '|' with boolean operands [-Wbitwise-instead-of-logical]
Flavors: r-devel-linux-x86_64-debian-clang, r-devel-linux-x86_64-fedora-clang
Version: 1.22.3
Check: installed package size
Result: NOTE
installed size is 9.0Mb
sub-directories of 1Mb or more:
doc 2.3Mb
libs 4.9Mb
Flavors: r-devel-linux-x86_64-fedora-clang, r-release-macos-arm64, r-release-macos-x86_64, r-oldrel-macos-arm64, r-oldrel-macos-x86_64
Version: 1.22.3
Flags: --no-vignettes
Check: installed package size
Result: NOTE
installed size is 5.5Mb
sub-directories of 1Mb or more:
doc 2.3Mb
libs 1.5Mb
Flavors: r-devel-windows-x86_64, r-release-windows-x86_64, r-oldrel-windows-ix86+x86_64