CRAN Package Check Results for Package ncbit

Last updated on 2022-05-15 01:52:25 CEST.

Flavor Version Tinstall Tcheck Ttotal Status Flags
r-devel-linux-x86_64-debian-clang 2013.03.29 2.12 57.99 60.11 NOTE
r-devel-linux-x86_64-debian-gcc 2013.03.29 2.34 47.17 49.51 NOTE
r-devel-linux-x86_64-fedora-clang 2013.03.29 73.57 NOTE
r-devel-linux-x86_64-fedora-gcc 2013.03.29 70.83 NOTE
r-devel-windows-x86_64 2013.03.29 8.00 76.00 84.00 NOTE
r-patched-linux-x86_64 2013.03.29 2.22 56.59 58.81 NOTE
r-release-linux-x86_64 2013.03.29 2.74 57.80 60.54 NOTE
r-release-macos-arm64 2013.03.29 26.00 NOTE
r-release-macos-x86_64 2013.03.29 33.00 NOTE
r-release-windows-x86_64 2013.03.29 5.00 69.00 74.00 NOTE
r-oldrel-macos-arm64 2013.03.29 34.00 NOTE
r-oldrel-macos-x86_64 2013.03.29 52.00 NOTE
r-oldrel-windows-ix86+x86_64 2013.03.29 6.00 49.00 55.00 NOTE

Check Details

Version: 2013.03.29
Check: DESCRIPTION meta-information
Result: NOTE
    Malformed Description field: should contain one or more complete sentences.
Flavors: r-devel-linux-x86_64-debian-clang, r-devel-linux-x86_64-debian-gcc, r-devel-linux-x86_64-fedora-clang, r-devel-linux-x86_64-fedora-gcc, r-devel-windows-x86_64, r-patched-linux-x86_64, r-release-linux-x86_64, r-release-macos-arm64, r-release-macos-x86_64, r-release-windows-x86_64, r-oldrel-macos-arm64, r-oldrel-macos-x86_64, r-oldrel-windows-ix86+x86_64

Version: 2013.03.29
Check: R code for possible problems
Result: NOTE
    ncbit : FUN: no visible global function definition for 'read.table'
    ncbit : FUN: no visible global function definition for 'head'
    Undefined global functions or variables:
     head read.table
    Consider adding
     importFrom("utils", "head", "read.table")
    to your NAMESPACE file.
Flavors: r-devel-linux-x86_64-debian-clang, r-devel-linux-x86_64-debian-gcc, r-devel-linux-x86_64-fedora-clang, r-devel-linux-x86_64-fedora-gcc, r-devel-windows-x86_64, r-patched-linux-x86_64, r-release-linux-x86_64, r-release-macos-arm64, r-release-macos-x86_64, r-release-windows-x86_64, r-oldrel-macos-arm64, r-oldrel-macos-x86_64, r-oldrel-windows-ix86+x86_64

Version: 2013.03.29
Check: installed package size
Result: NOTE
     installed size is 9.5Mb
     sub-directories of 1Mb or more:
     data 9.4Mb
Flavors: r-devel-linux-x86_64-fedora-clang, r-devel-windows-x86_64, r-release-macos-arm64, r-release-macos-x86_64, r-release-windows-x86_64, r-oldrel-macos-arm64, r-oldrel-macos-x86_64, r-oldrel-windows-ix86+x86_64