Last updated on 2022-05-15 01:52:25 CEST.
Flavor | Version | Tinstall | Tcheck | Ttotal | Status | Flags |
---|---|---|---|---|---|---|
r-devel-linux-x86_64-debian-clang | 0.2.3 | 81.25 | 290.05 | 371.30 | NOTE | |
r-devel-linux-x86_64-debian-gcc | 0.2.3 | 65.61 | 192.44 | 258.05 | NOTE | |
r-devel-linux-x86_64-fedora-clang | 0.2.3 | 460.74 | NOTE | |||
r-devel-linux-x86_64-fedora-gcc | 0.2.3 | 434.34 | NOTE | |||
r-devel-windows-x86_64 | 0.2.3 | 137.00 | 327.00 | 464.00 | NOTE | |
r-patched-linux-x86_64 | 0.2.3 | 69.66 | 270.04 | 339.70 | NOTE | |
r-release-linux-x86_64 | 0.2.3 | 68.57 | 271.49 | 340.06 | NOTE | |
r-release-macos-arm64 | 0.2.3 | 109.00 | NOTE | |||
r-release-macos-x86_64 | 0.2.3 | 142.00 | NOTE | |||
r-release-windows-x86_64 | 0.2.3 | 135.00 | 322.00 | 457.00 | NOTE | |
r-oldrel-macos-arm64 | 0.2.3 | 119.00 | NOTE | |||
r-oldrel-macos-x86_64 | 0.2.3 | 138.00 | NOTE | |||
r-oldrel-windows-ix86+x86_64 | 0.2.3 | 188.00 | 629.00 | 817.00 | NOTE |
Version: 0.2.3
Check: package dependencies
Result: NOTE
Package suggested but not available for checking: 'rPorta'
Flavors: r-devel-linux-x86_64-debian-clang, r-devel-linux-x86_64-debian-gcc, r-devel-linux-x86_64-fedora-clang, r-devel-linux-x86_64-fedora-gcc, r-devel-windows-x86_64, r-patched-linux-x86_64, r-release-linux-x86_64, r-release-macos-arm64, r-release-macos-x86_64, r-release-windows-x86_64, r-oldrel-macos-arm64, r-oldrel-macos-x86_64, r-oldrel-windows-ix86+x86_64
Version: 0.2.3
Check: installed package size
Result: NOTE
installed size is 6.2Mb
sub-directories of 1Mb or more:
libs 4.8Mb
Flavors: r-release-macos-arm64, r-release-macos-x86_64, r-oldrel-macos-arm64, r-oldrel-macos-x86_64