Last updated on 2022-05-15 01:52:25 CEST.
Flavor | Version | Tinstall | Tcheck | Ttotal | Status | Flags |
---|---|---|---|---|---|---|
r-devel-linux-x86_64-debian-clang | 0.4.2 | 1000.18 | 417.62 | 1417.80 | NOTE | |
r-devel-linux-x86_64-debian-gcc | 0.4.2 | 797.57 | 334.29 | 1131.86 | NOTE | |
r-devel-linux-x86_64-fedora-clang | 0.4.2 | 1917.55 | NOTE | |||
r-devel-linux-x86_64-fedora-gcc | 0.4.2 | 1854.76 | NOTE | |||
r-devel-windows-x86_64 | 0.4.2 | 602.00 | 517.00 | 1119.00 | NOTE | |
r-patched-linux-x86_64 | 0.4.2 | 721.45 | 427.31 | 1148.76 | NOTE | |
r-release-linux-x86_64 | 0.4.2 | 672.37 | 435.08 | 1107.45 | NOTE | |
r-release-macos-arm64 | 0.4.2 | 435.00 | NOTE | |||
r-release-macos-x86_64 | 0.4.2 | 844.00 | NOTE | |||
r-release-windows-x86_64 | 0.4.2 | 624.00 | 518.00 | 1142.00 | NOTE | |
r-oldrel-macos-arm64 | 0.4.2 | 546.00 | NOTE | |||
r-oldrel-macos-x86_64 | 0.4.2 | 587.00 | NOTE | |||
r-oldrel-windows-ix86+x86_64 | 0.4.2 | 1875.00 | 839.00 | 2714.00 | NOTE |
Version: 0.4.2
Check: for GNU extensions in Makefiles
Result: NOTE
GNU make is a SystemRequirements.
Flavors: r-devel-linux-x86_64-debian-clang, r-devel-linux-x86_64-debian-gcc, r-devel-linux-x86_64-fedora-clang, r-devel-linux-x86_64-fedora-gcc, r-devel-windows-x86_64, r-patched-linux-x86_64, r-release-linux-x86_64, r-release-macos-arm64, r-release-macos-x86_64, r-release-windows-x86_64, r-oldrel-macos-arm64, r-oldrel-macos-x86_64, r-oldrel-windows-ix86+x86_64
Version: 0.4.2
Check: package dependencies
Result: NOTE
Imports includes 22 non-default packages.
Importing from so many packages makes the package vulnerable to any of
them becoming unavailable. Move as many as possible to Suggests and
use conditionally.
Flavor: r-devel-linux-x86_64-fedora-clang
Version: 0.4.2
Check: installed package size
Result: NOTE
installed size is 95.4Mb
sub-directories of 1Mb or more:
doc 3.7Mb
libs 90.3Mb
Flavors: r-devel-linux-x86_64-fedora-clang, r-devel-windows-x86_64, r-release-macos-arm64, r-release-macos-x86_64, r-release-windows-x86_64, r-oldrel-macos-arm64, r-oldrel-macos-x86_64, r-oldrel-windows-ix86+x86_64