Last updated on 2022-05-15 01:52:25 CEST.
Flavor | Version | Tinstall | Tcheck | Ttotal | Status | Flags |
---|---|---|---|---|---|---|
r-devel-linux-x86_64-debian-clang | 0.4.3 | 21.76 | 265.05 | 286.81 | OK | |
r-devel-linux-x86_64-debian-gcc | 0.4.3 | 15.10 | 200.52 | 215.62 | OK | |
r-devel-linux-x86_64-fedora-clang | 0.4.3 | 361.31 | OK | |||
r-devel-linux-x86_64-fedora-gcc | 0.4.3 | 327.00 | OK | |||
r-devel-windows-x86_64 | 0.4.3 | 56.00 | 279.00 | 335.00 | OK | |
r-patched-linux-x86_64 | 0.4.3 | 20.93 | 253.29 | 274.22 | OK | |
r-release-linux-x86_64 | 0.4.3 | 18.26 | 254.29 | 272.55 | OK | |
r-release-macos-arm64 | 0.4.3 | 98.00 | OK | |||
r-release-macos-x86_64 | 0.4.3 | 179.00 | OK | |||
r-release-windows-x86_64 | 0.4.3 | 61.00 | 266.00 | 327.00 | OK | |
r-oldrel-macos-arm64 | 0.4.3 | 112.00 | OK | |||
r-oldrel-macos-x86_64 | 0.4.3 | 430.00 | NOTE | |||
r-oldrel-windows-ix86+x86_64 | 0.4.3 | 44.00 | 269.00 | 313.00 | NOTE |
Version: 0.4.3
Check: package dependencies
Result: NOTE
Packages suggested but not available for checking:
'switchBox', 'leukemiasEset'
Flavor: r-oldrel-macos-x86_64
Version: 0.4.3
Check: package dependencies
Result: NOTE
Package suggested but not available for checking: 'leukemiasEset'
Flavor: r-oldrel-windows-ix86+x86_64